000
CDUS46 KPQR 191141
CLIPDX


CLIMATE REPORT
NATIONAL WEATHER SERVICE PORTLAND OREGON
440 AM PDT SUN APR 19 2015


...................................

...THE PORTLAND OR CLIMATE SUMMARY FOR APRIL 18 2015...

CLIMATE NORMAL PERIOD 1981 TO 2010
CLIMATE RECORD PERIOD 1940 TO 2015


WEATHER ITEM   OBSERVED TIME   RECORD YEAR NORMAL DEPARTURE LAST
                VALUE   (LST)  VALUE       VALUE  FROM      YEAR
                                                  NORMAL
..................................................................
TEMPERATURE (F)
 YESTERDAY
  MAXIMUM         76    322 PM  80    1962  62     14       60
  MINIMUM         44    547 AM  30    1964  43      1       39
  AVERAGE         60                        52      8       50

PRECIPITATION (IN)
  YESTERDAY        0.00          0.55 1970   0.09  -0.09     0.00
  MONTH TO DATE    1.47                      1.72  -0.25     1.25
  SINCE OCT 1     28.20                     28.06   0.14    22.41
  SINCE JAN 1     13.22                     13.94  -0.72    16.59

DEGREE DAYS
 HEATING
  YESTERDAY        5                        13     -8       15
  MONTH TO DATE  251                       247      4      198
  SINCE MAR 1    633                       769   -136      682
  SINCE JUL 1   3105                      3827   -722     3980

 COOLING
  YESTERDAY        0                         0      0        0
  MONTH TO DATE    0                         0      0        0
  SINCE MAR 1      0                         0      0        0
  SINCE JAN 1      0                         0      0        0
..................................................................


WIND (MPH)
  HIGHEST WIND SPEED    17   HIGHEST WIND DIRECTION    NW (320)
  HIGHEST GUST SPEED    21   HIGHEST GUST DIRECTION    NW (320)
  AVERAGE WIND SPEED     6.6


SKY COVER
  POSSIBLE SUNSHINE  MM
  AVERAGE SKY COVER 0.1


WEATHER CONDITIONS
 THE FOLLOWING WEATHER WAS RECORDED YESTERDAY.
  NO SIGNIFICANT WEATHER WAS OBSERVED.


RELATIVE HUMIDITY (PERCENT)
 HIGHEST    86           200 AM
 LOWEST     23           500 PM
 AVERAGE    55

..........................................................


THE PORTLAND OR CLIMATE NORMALS FOR TODAY
                         NORMAL    RECORD    YEAR
 MAXIMUM TEMPERATURE (F)   62        80      1956
 MINIMUM TEMPERATURE (F)   43        31      1982


SUNRISE AND SUNSET
APRIL 19 2015.........SUNRISE   618 AM PDT   SUNSET   802 PM PDT
APRIL 20 2015.........SUNRISE   616 AM PDT   SUNSET   803 PM PDT


-  INDICATES NEGATIVE NUMBERS.
R  INDICATES RECORD WAS SET OR TIED.
MM INDICATES DATA IS MISSING.
T  INDICATES TRACE AMOUNT.




$$
