000
CDUS43 KUNR 250855
CLIPHP


CLIMATE REPORT
NATIONAL WEATHER SERVICE RAPID CITY SD
255 AM MDT SAT APR 25 2015


...................................

...THE PHILIP SD CLIMATE SUMMARY FOR APRIL 24 2015...

CLIMATE NORMAL PERIOD 1981 TO 2010
CLIMATE RECORD PERIOD 9999 TO 9999


WEATHER ITEM   OBSERVED TIME   NORMAL DEPARTURE LAST
                VALUE   (LST)  VALUE  FROM      YEAR
                                      NORMAL
......................................................
TEMPERATURE (F)
 YESTERDAY
  MAXIMUM         76    241 PM  64     12       68
  MINIMUM         47   1036 PM  35     12       35
  AVERAGE         62            49     13       52

PRECIPITATION (IN)
  YESTERDAY        0.00          0.08  -0.08     0.00
  MONTH TO DATE    0.33          1.31  -0.98     0.54
  SINCE MAR 1      0.42          2.58  -2.16     1.08
  SINCE JAN 1      0.53          3.36  -2.83     1.56

DEGREE DAYS
 HEATING
  YESTERDAY        3            16    -13       13
  MONTH TO DATE  439           476    -37      456
  SINCE MAR 1   1169          1414   -245     1446
  SINCE JUL 1   6309          6779   -470     7049

 COOLING
  YESTERDAY        0             0      0        0
  MONTH TO DATE    0             0      0        0
  SINCE MAR 1      3             0      3        0
  SINCE JAN 1      3             0      3        0
......................................................


WIND (MPH)
  HIGHEST WIND SPEED    21   HIGHEST WIND DIRECTION    NE (40)
  HIGHEST GUST SPEED    28   HIGHEST GUST DIRECTION     E (70)
  AVERAGE WIND SPEED     9.9


SKY COVER
  AVERAGE SKY COVER 0.1


WEATHER CONDITIONS
 THE FOLLOWING WEATHER WAS RECORDED YESTERDAY.
  NO SIGNIFICANT WEATHER WAS OBSERVED.


RELATIVE HUMIDITY (PERCENT)
 HIGHEST    80           400 AM
 LOWEST     33           100 PM
 AVERAGE    57

..........................................................




SUNRISE AND SUNSET
APRIL 25 2015.........SUNRISE   547 AM MDT   SUNSET   742 PM MDT
APRIL 26 2015.........SUNRISE   546 AM MDT   SUNSET   744 PM MDT


-  INDICATES NEGATIVE NUMBERS.
R  INDICATES RECORD WAS SET OR TIED.
MM INDICATES DATA IS MISSING.
T  INDICATES TRACE AMOUNT.




$$
