000
CDUS43 KILX 062129
CLIPIA


CLIMATE REPORT
NATIONAL WEATHER SERVICE LINCOLN IL
429 PM CDT WED MAY 6 2015


...................................

...THE PEORIA IL CLIMATE SUMMARY FOR MAY 6 2015...
VALID TODAY AS OF 0400 PM LOCAL TIME.

CLIMATE NORMAL PERIOD 1981 TO 2010
CLIMATE RECORD PERIOD 1883 TO 2015


WEATHER ITEM   OBSERVED TIME   RECORD YEAR NORMAL DEPARTURE LAST
                VALUE   (LST)  VALUE       VALUE  FROM      YEAR
                                                  NORMAL
..................................................................
TEMPERATURE (F)
 TODAY
  MAXIMUM         85    259 PM  92    1896  70     15       80
  MINIMUM         60    525 AM  31    1944  49     11       47
  AVERAGE         73                        59     14       64

PRECIPITATION (IN)
  TODAY            0.00          1.36 1941   0.14  -0.14     0.00
  MONTH TO DATE    0.88                      0.82   0.06     0.02
  SINCE MAR 1      4.91                      7.25  -2.34     5.68
  SINCE JAN 1      8.63                     10.82  -2.19    10.55

SNOWFALL (IN)
  TODAY            0.0           T    1989   0.0    0.0      0.0
  MONTH TO DATE    0.0                       0.0    0.0      0.0
  SINCE MAR 1      2.7                       3.3   -0.6      7.4
  SINCE JUL 1     27.0                      24.6    2.4     57.6
  SNOW DEPTH       0

DEGREE DAYS
 HEATING
  TODAY            0                         7     -7        1
  MONTH TO DATE   13                        44    -31       45
  SINCE MAR 1   1030                      1193   -163     1333
  SINCE JUL 1   5736                      5709     27     6512

 COOLING
  TODAY            8                         1      7        0
  MONTH TO DATE   29                         6     23        0
  SINCE MAR 1     40                        20     20        6
  SINCE JAN 1     40                        20     20        6
..................................................................


WIND (MPH)
  HIGHEST WIND SPEED    22   HIGHEST WIND DIRECTION     S (200)
  HIGHEST GUST SPEED    29   HIGHEST GUST DIRECTION     S (200)
  AVERAGE WIND SPEED     9.9


SKY COVER
  POSSIBLE SUNSHINE  MM
  AVERAGE SKY COVER 0.2


WEATHER CONDITIONS
 THE FOLLOWING WEATHER WAS RECORDED TODAY.
  FOG
  HAZE


RELATIVE HUMIDITY (PERCENT)
 HIGHEST    93          1200 AM
 LOWEST     32           100 PM
 AVERAGE    63

..........................................................


THE PEORIA IL CLIMATE NORMALS FOR TOMORROW
                         NORMAL    RECORD    YEAR
 MAXIMUM TEMPERATURE (F)   71        92      1896
 MINIMUM TEMPERATURE (F)   49        28      1906


SUNRISE AND SUNSET
MAY  6 2015...........SUNRISE   552 AM CDT   SUNSET   800 PM CDT
MAY  7 2015...........SUNRISE   550 AM CDT   SUNSET   801 PM CDT


-  INDICATES NEGATIVE NUMBERS.
R  INDICATES RECORD WAS SET OR TIED.
MM INDICATES DATA IS MISSING.
T  INDICATES TRACE AMOUNT.




$$
