000
CDUS43 KABR 262226
CLIPIR


CLIMATE REPORT
NATIONAL WEATHER SERVICE ABERDEEN SD
526 PM CDT SUN APR 26 2015


...................................

...THE PIERRE SD CLIMATE SUMMARY FOR APRIL 26 2015...
VALID TODAY AS OF 0500 PM LOCAL TIME.

CLIMATE NORMAL PERIOD 1981 TO 2010
CLIMATE RECORD PERIOD 1892 TO 2015


WEATHER ITEM   OBSERVED TIME   RECORD YEAR NORMAL DEPARTURE LAST
                VALUE   (LST)  VALUE       VALUE  FROM      YEAR
                                                  NORMAL
..................................................................
TEMPERATURE (F)
 TODAY
  MAXIMUM         63    337 PM  86    1952  64     -1       71
  MINIMUM         47    517 AM  18    1950  38      9       48
  AVERAGE         55                        51      4       60

PRECIPITATION (IN)
  TODAY            0.00          2.13 1964   0.07  -0.07     0.00
  MONTH TO DATE    0.47                      1.50  -1.03     0.07
  SINCE MAR 1      0.80                      2.73  -1.93     1.06
  SINCE JAN 1      1.15                      3.74  -2.59     1.63

SNOWFALL (IN)
  TODAY            0.0
  MONTH TO DATE    0.0
  SINCE OCT 1     27.1
  SINCE JUL 1     27.1
  SNOW DEPTH       0

DEGREE DAYS
 HEATING
  TODAY           10                        14     -4        5
  MONTH TO DATE  420                       493    -73      511
  SINCE MAR 1   1166                      1440   -274     1584
  SINCE JUL 1   6675                      6938   -263     7579

 COOLING
  TODAY            0                         0      0        0
  MONTH TO DATE    0                         0      0        0
  SINCE MAR 1      5                         0      5        0
  SINCE JAN 1      5                         0      5        0
..................................................................


WIND (MPH)
  HIGHEST GUST SPEED    25   HIGHEST GUST DIRECTION     S (180)




..........................................................


THE PIERRE SD CLIMATE NORMALS FOR TOMORROW
                         NORMAL    RECORD    YEAR
 MAXIMUM TEMPERATURE (F)   65        90      1952
 MINIMUM TEMPERATURE (F)   39        21      1950


SUNRISE AND SUNSET
APRIL 26 2015.........SUNRISE   640 AM CDT   SUNSET   839 PM CDT
APRIL 27 2015.........SUNRISE   638 AM CDT   SUNSET   840 PM CDT


-  INDICATES NEGATIVE NUMBERS.
R  INDICATES RECORD WAS SET OR TIED.
MM INDICATES DATA IS MISSING.
T  INDICATES TRACE AMOUNT.




$$
