000
CDUS41 KPBZ 271221
CLIPIT

CLIMATE REPORT
NATIONAL WEATHER SERVICE PITTSBURGH PA
820 AM EDT MON APR 27 2015

...................................

...THE PITTSBURGH PA CLIMATE SUMMARY FOR APRIL 27 2015...
VALID AS OF 0800 AM LOCAL TIME.

CLIMATE NORMAL PERIOD 1981 TO 2010
CLIMATE RECORD PERIOD 1871 TO 2015

WEATHER ITEM   OBSERVED TIME   RECORD YEAR NORMAL DEPARTURE LAST
                VALUE   (LST)  VALUE       VALUE  FROM      YEAR
                                                  NORMAL
..................................................................
TEMPERATURE (F)
 TODAY
  MINIMUM         35    545 AM  24    1971  44     -9       35

PRECIPITATION (IN)
  TODAY            0.00          1.59 1948   0.10  -0.10     0.00
  MONTH TO DATE    3.58                      2.80   0.78     3.13
  SINCE JUN 1     33.14                     33.93  -0.79    33.74
  SINCE JAN 1     11.39                     10.84   0.55     9.43

SNOWFALL (IN)
  TODAY            0.0           0.5  1928   0.0    0.0      0.0
  MONTH TO DATE    0.3                       1.5   -1.2      0.1
  SINCE OCT 1     47.5                      41.9    5.6     63.4
  SINCE JUL 1     47.5                      41.9    5.6     63.4
  SNOW DEPTH       0

DEGREE DAYS
 HEATING
  TODAY           25

 COOLING
  TODAY            0
..................................................................


WEATHER CONDITIONS
 THE FOLLOWING WEATHER WAS RECORDED TODAY.
  NO SIGNIFICANT WEATHER WAS OBSERVED.


RELATIVE HUMIDITY (PERCENT)
 HIGHEST    76           400 AM

..........................................................


THE PITTSBURGH PA CLIMATE NORMALS FOR TOMORROW
                         NORMAL    RECORD    YEAR
 MAXIMUM TEMPERATURE (F)   66        88      1990
                                             1986
 MINIMUM TEMPERATURE (F)   44        29      1934


SUNRISE AND SUNSET
APRIL 27 2015.........SUNRISE   626 AM EDT   SUNSET   812 PM EDT
APRIL 28 2015.........SUNRISE   624 AM EDT   SUNSET   813 PM EDT


-  INDICATES NEGATIVE NUMBERS.
R  INDICATES RECORD WAS SET OR TIED.
MM INDICATES DATA IS MISSING.
T  INDICATES TRACE AMOUNT.

&&

SNOW DEPTH IS MEASURED AT 7 AM EST OR 8 AM EDT.

$$
