000
CDUS45 KFGZ 031025
CLIPRC
CLIMATE REPORT
NATIONAL WEATHER SERVICE FLAGSTAFF, AZ
324 AM MST SUN MAY 3 2015


...................................

...THE PRESCOTT AZ AIRPORT CLIMATE SUMMARY FOR MAY 2 2015...

CLIMATE NORMAL PERIOD 1981 TO 2010
CLIMATE RECORD PERIOD 1948 TO 2015


WEATHER ITEM   OBSERVED TIME   RECORD YEAR NORMAL DEPARTURE LAST
                VALUE   (LST)  VALUE       VALUE  FROM      YEAR
                                                  NORMAL
..................................................................
TEMPERATURE (F)
 YESTERDAY
  MAXIMUM         82    224 PM  85    1986  72     10       81
  MINIMUM         50    555 AM  26    1988  43      7       40
  AVERAGE         66                        57      9

PRECIPITATION (IN)
  YESTERDAY        T             0.34 1982   0.02  -0.02     0.00
  MONTH TO DATE    T                         0.03  -0.03     0.00
  SINCE SEP 1      8.77                      8.42   0.35     5.69
  SINCE JAN 1      4.09                      4.11  -0.02     0.97

DEGREE DAYS
 HEATING
  YESTERDAY        0                               -8
  MONTH TO DATE    0                              -16
  SINCE JUL 1   3259                             -876

 COOLING
  YESTERDAY        1                                1
  MONTH TO DATE    2                                2
  SINCE JAN 1      3                                1
..................................................................


WIND (MPH)
  HIGHEST WIND SPEED    23   HIGHEST WIND DIRECTION     N (10)
  HIGHEST GUST SPEED    30   HIGHEST GUST DIRECTION     N (10)
  AVERAGE WIND SPEED     6.1


SKY COVER
  AVERAGE SKY COVER 0.3


WEATHER CONDITIONS
 THE FOLLOWING WEATHER WAS RECORDED YESTERDAY.
  NO SIGNIFICANT WEATHER WAS OBSERVED.


RELATIVE HUMIDITY (PERCENT)
 HIGHEST    46
 LOWEST     12

..........................................................


THE PRESCOTT AZ AIRPORT CLIMATE NORMALS FOR TODAY
                         NORMAL    RECORD    YEAR
 MAXIMUM TEMPERATURE (F)   72        86      1956
 MINIMUM TEMPERATURE (F)   43        28      1955


SUNRISE AND SUNSET
MAY  3 2015...........SUNRISE   538 AM MST   SUNSET   716 PM MST
MAY  4 2015...........SUNRISE   537 AM MST   SUNSET   717 PM MST


-  INDICATES NEGATIVE NUMBERS.
R  INDICATES RECORD WAS SET OR TIED.
MM INDICATES DATA IS MISSING.
T  INDICATES TRACE AMOUNT.




$$
