000
CDUS43 KLOT 070635
CLIPWK


CLIMATE REPORT
NATIONAL WEATHER SERVICE CHICAGO IL
134 AM CDT THU MAY 7 2015


...................................

...THE CHICAGO EXECUTIVE CLIMATE SUMMARY FOR MAY 6 2015...

CLIMATE NORMAL PERIOD 1981 TO 2010
CLIMATE RECORD PERIOD 1996 TO 2015


WEATHER ITEM   OBSERVED TIME   RECORD YEAR NORMAL DEPARTURE LAST
                VALUE   (LST)  VALUE       VALUE  FROM      YEAR
                                                  NORMAL
..................................................................
TEMPERATURE (F)
 YESTERDAY
  MAXIMUM         68   1056 AM  85    2000  66      2       59
  MINIMUM         45    404 AM  38    2006  44      1       42
  AVERAGE         57                        55      2       51

PRECIPITATION (IN)
  YESTERDAY        0.00          0.67 2009   0.13  -0.13     0.00
  MONTH TO DATE    1.21                      0.74   0.47     0.05
  SINCE MAR 1      4.68                      5.96  -1.28     3.48
  SINCE JAN 1      5.37                      8.54  -3.17     5.61

DEGREE DAYS
 HEATING
  YESTERDAY        8                        11     -3       14
  MONTH TO DATE   41                        68    -27       86
  SINCE MAR 1   1459                      1443     16     1641
  SINCE JUL 1   6587                      6181    406     7000

 COOLING
  YESTERDAY        0                         1     -1        0
  MONTH TO DATE    1                         1      0        0
  SINCE MAR 1      1                         5     -4        0
  SINCE JAN 1      1                         5     -4        0
..................................................................


WIND (MPH)
  RESULTANT WIND SPEED   4   RESULTANT WIND DIRECTION  NE (50)
  HIGHEST WIND SPEED    12   HIGHEST WIND DIRECTION     E (80)
  HIGHEST GUST SPEED    15   HIGHEST GUST DIRECTION     E (70)
  AVERAGE WIND SPEED     3.7



WEATHER CONDITIONS
 THE FOLLOWING WEATHER WAS RECORDED YESTERDAY.
  FOG
  FOG W/VISIBILITY <= 1/4 MILE
  HAZE


..........................................................


THE CHICAGO EXECUTIVE CLIMATE NORMALS FOR TODAY
                         NORMAL    RECORD    YEAR
 MAXIMUM TEMPERATURE (F)   66        82      2007
 MINIMUM TEMPERATURE (F)   45        38      2006


SUNRISE AND SUNSET
MAY  7 2015...........SUNRISE   540 AM CDT   SUNSET   757 PM CDT
MAY  8 2015...........SUNRISE   539 AM CDT   SUNSET   758 PM CDT


-  INDICATES NEGATIVE NUMBERS.
R  INDICATES RECORD WAS SET OR TIED.
MM INDICATES DATA IS MISSING.
T  INDICATES TRACE AMOUNT.




$$
