000
CDUS46 KPDT 210904
CLIRDM

CLIMATE REPORT
NATIONAL WEATHER SERVICE PENDLETON OR
204 AM PDT TUE APR 21 2015


...................................

...THE REDMOND OR CLIMATE SUMMARY FOR APRIL 20 2015...

CLIMATE NORMAL PERIOD 1981 TO 2010
CLIMATE RECORD PERIOD 1949 TO 2015


WEATHER ITEM   OBSERVED TIME   RECORD YEAR NORMAL DEPARTURE LAST
                VALUE   (LST)  VALUE       VALUE  FROM      YEAR
                                                  NORMAL
..................................................................
TEMPERATURE (F)
 YESTERDAY
  MAXIMUM         75    408 PM  83    2009  60     15       68
                                      1986
  MINIMUM         24    511 AM  12    2008  30     -6       25
  AVERAGE         50                        45      5       47

PRECIPITATION (IN)
  YESTERDAY        0.00          0.73 1988   0.02  -0.02     0.00
  MONTH TO DATE    0.06                      0.46  -0.40     0.34
  SINCE OCT 1      5.72                      5.50   0.22     3.56
  SINCE JAN 1      1.44                      2.74  -1.30     2.85

DEGREE DAYS
 HEATING
  YESTERDAY       15                        20     -5       18
  MONTH TO DATE  467                       431     36      390
  SINCE MAR 1   1088                      1209   -121     1111
  SINCE JUL 1   5121                      5882   -761     5904

 COOLING
  YESTERDAY        0                         0      0        0
  MONTH TO DATE    0                         0      0        0
  SINCE MAR 1      0                         0      0        0
  SINCE JAN 1      0                         0      0        0
..................................................................


WIND (MPH)
  RESULTANT WIND SPEED   2   RESULTANT WIND DIRECTION   N (0)
  HIGHEST WIND SPEED    15   HIGHEST WIND DIRECTION    NE (30)
  HIGHEST GUST SPEED    18   HIGHEST GUST DIRECTION    NE (40)
  AVERAGE WIND SPEED     5.2


SKY COVER
  POSSIBLE SUNSHINE  MM
  AVERAGE SKY COVER 0.0


WEATHER CONDITIONS
THE FOLLOWING WEATHER WAS RECORDED YESTERDAY.
  NO SIGNIFICANT WEATHER WAS OBSERVED.


RELATIVE HUMIDITY (PERCENT)
 HIGHEST    75           400 AM
 LOWEST     14           400 PM
 AVERAGE    45

..........................................................


THE REDMOND OR CLIMATE NORMALS FOR TODAY
                         NORMAL    RECORD    YEAR
 MAXIMUM TEMPERATURE (F)   61        84      2009
                                             1986
 MINIMUM TEMPERATURE (F)   30        11      2008


SUNRISE AND SUNSET
APRIL 21 2015.........SUNRISE   611 AM PDT   SUNSET   756 PM PDT
APRIL 22 2015.........SUNRISE   610 AM PDT   SUNSET   757 PM PDT


-  INDICATES NEGATIVE NUMBERS.
R  INDICATES RECORD WAS SET OR TIED.
MM INDICATES DATA IS MISSING.
T  INDICATES TRACE AMOUNT.

$$
