000
CDUS45 KRIW 030736
CLIRIW


CLIMATE REPORT
NATIONAL WEATHER SERVICE RIVERTON WY
126 AM MDT SUN MAY 3 2015


...................................

...THE RIVERTON WY CLIMATE SUMMARY FOR MAY 2 2015...

CLIMATE NORMAL PERIOD 1981 TO 2010
CLIMATE RECORD PERIOD 1995 TO 2015


WEATHER ITEM   OBSERVED TIME   RECORD YEAR NORMAL DEPARTURE LAST
                VALUE   (LST)  VALUE       VALUE  FROM      YEAR
                                                  NORMAL
..................................................................
TEMPERATURE (F)
 YESTERDAY
  MAXIMUM         77    419 PM  80    2000  63     14       76
  MINIMUM         40    528 AM  22    2002  36      4       38
  AVERAGE         59                        49     10       57

PRECIPITATION (IN)
  YESTERDAY        0.00          0.01 2010   0.06  -0.06     0.00
                                      2009
  MONTH TO DATE    0.00                      0.12  -0.12     0.00
  SINCE MAR 1      1.23                      1.97  -0.74     0.72
  SINCE JAN 1      2.30                      2.48  -0.18     1.62

SNOWFALL (IN)
  YESTERDAY        0.0                                       0.0
  MONTH TO DATE    0.0                                       0.0
  SINCE MAR 1     10.0                                       3.9
  SINCE JUL 1     38.6                                      53.1
  SNOW DEPTH       0

DEGREE DAYS
 HEATING
  YESTERDAY        6                        16    -10        8
  MONTH TO DATE   16                        32    -16       27
  SINCE MAR 1   1381                      1574   -193     1562
  SINCE JUL 1   6774                      7428   -654     7443

 COOLING
  YESTERDAY        0                         0      0        0
  MONTH TO DATE    0                         0      0        0
  SINCE MAR 1      0                         0      0        0
  SINCE JAN 1      0                         0      0        0
..................................................................


WIND (MPH)
  HIGHEST WIND SPEED    26   HIGHEST WIND DIRECTION     W (260)
  HIGHEST GUST SPEED    33   HIGHEST GUST DIRECTION    SW (240)
  AVERAGE WIND SPEED    11.7


SKY COVER
  POSSIBLE SUNSHINE  MM
  AVERAGE SKY COVER 0.1


WEATHER CONDITIONS
 THE FOLLOWING WEATHER WAS RECORDED YESTERDAY.
  NO SIGNIFICANT WEATHER WAS OBSERVED.


RELATIVE HUMIDITY (PERCENT)
 HIGHEST    45           600 AM
 LOWEST     12           400 PM
 AVERAGE    29

..........................................................


THE RIVERTON WY CLIMATE NORMALS FOR TODAY
                         NORMAL    RECORD    YEAR
 MAXIMUM TEMPERATURE (F)   63        82      2014
 MINIMUM TEMPERATURE (F)   36        25      2008


SUNRISE AND SUNSET
MAY  3 2015...........SUNRISE   605 AM MDT   SUNSET   817 PM MDT
MAY  4 2015...........SUNRISE   604 AM MDT   SUNSET   818 PM MDT


-  INDICATES NEGATIVE NUMBERS.
R  INDICATES RECORD WAS SET OR TIED.
MM INDICATES DATA IS MISSING.
T  INDICATES TRACE AMOUNT.




$$
