000
CDUS45 KREV 250844
CLIRNO


CLIMATE REPORT
NATIONAL WEATHER SERVICE RENO NV
144 AM PDT SAT APR 25 2015


...................................

...THE RENO TAHOE AIRPORT NV CLIMATE SUMMARY FOR APRIL 24 2015...

CLIMATE NORMAL PERIOD 1981 TO 2010
CLIMATE RECORD PERIOD 1888 TO 2015


WEATHER ITEM   OBSERVED TIME   RECORD YEAR NORMAL DEPARTURE LAST
                VALUE   (LST)  VALUE       VALUE  FROM      YEAR
                                                  NORMAL
..................................................................
TEMPERATURE (F)
 YESTERDAY
  MAXIMUM         60    214 PM  87    1946  66     -6       66
  MINIMUM         44    445 AM  18    1958  40      4       45
  AVERAGE         52                        53     -1       56

PRECIPITATION (IN)
  YESTERDAY        0.16R         0.16 1896   0.02   0.14     0.00
  MONTH TO DATE    0.29                      0.38  -0.09      T
  SINCE OCT 1      3.21                      5.55  -2.34     2.11
  SINCE JAN 1      1.79                      3.19  -1.40     1.15

SNOWFALL (IN)
  YESTERDAY        0.0           1.7  1931   0.0    0.0      0.0
  MONTH TO DATE    T                         0.4   -0.4       T
  SINCE MAR 1      T                         2.4   -2.4       T
  SINCE JUL 1      2.7                      21.4  -18.7      6.2
  SNOW DEPTH       0

DEGREE DAYS
 HEATING
  YESTERDAY       13                        12      1        9
  MONTH TO DATE  329                       359    -30      233
  SINCE MAR 1    723                       957   -234      743
  SINCE JUL 1   3588                      4595  -1007     4327

 COOLING
  YESTERDAY        0                         0      0        0
  MONTH TO DATE    0                         0      0        0
  SINCE MAR 1      0                         0      0        0
  SINCE JAN 1      0                         0      0        0
..................................................................


WIND (MPH)
  RESULTANT WIND SPEED   8   RESULTANT WIND DIRECTION   W (280)
  HIGHEST WIND SPEED    25   HIGHEST WIND DIRECTION    SW (220)
  HIGHEST GUST SPEED    33   HIGHEST GUST DIRECTION     W (280)
  AVERAGE WIND SPEED    10.1



WEATHER CONDITIONS
 THE FOLLOWING WEATHER WAS RECORDED YESTERDAY.
  RAIN
  FOG


RELATIVE HUMIDITY (PERCENT)
 HIGHEST    89           300 AM
 LOWEST     26          1200 PM
 AVERAGE    58

..........................................................


THE RENO TAHOE AIRPORT NV CLIMATE NORMALS FOR TODAY
                         NORMAL    RECORD    YEAR
 MAXIMUM TEMPERATURE (F)   67        84      1927
 MINIMUM TEMPERATURE (F)   40        19      1944


SUNRISE AND SUNSET
APRIL 25 2015.........SUNRISE   608 AM PDT   SUNSET   747 PM PDT
APRIL 26 2015.........SUNRISE   607 AM PDT   SUNSET   748 PM PDT


-  INDICATES NEGATIVE NUMBERS.
R  INDICATES RECORD WAS SET OR TIED.
MM INDICATES DATA IS MISSING.
T  INDICATES TRACE AMOUNT.




$$
