000
CDUS45 KABQ 280838
CLIROW


CLIMATE REPORT
NATIONAL WEATHER SERVICE ALBUQUERQUE NM
237 AM MDT TUE APR 28 2015


...................................

...THE ROSWELL NM CLIMATE SUMMARY FOR APRIL 27 2015...

CLIMATE NORMAL PERIOD 1981 TO 2010
CLIMATE RECORD PERIOD 1893 TO 2015


WEATHER ITEM   OBSERVED TIME   RECORD YEAR NORMAL DEPARTURE
                VALUE   (LST)  VALUE       VALUE  FROM
                                                  NORMAL
...............................................................
TEMPERATURE (F)
 YESTERDAY
  MAXIMUM         58    904 AM  98    1996  80    -22
  MINIMUM         45   1159 PM  31    1920  49     -4
  AVERAGE         52                        64    -12

PRECIPITATION (IN)
  YESTERDAY        0.02          1.35 1897   0.03  -0.01
  MONTH TO DATE    1.74                      0.53   1.21
  SINCE MAR 1      2.03                      1.04   0.99
  SINCE JAN 1      3.94                      1.84   2.10

SNOWFALL (IN)
  YESTERDAY        0.0
  MONTH TO DATE    0.0
  SINCE MAR 1      T
  SINCE JUL 1     16.2

DEGREE DAYS
 HEATING
  YESTERDAY       13                         3     10
  MONTH TO DATE  115                       155    -40
  SINCE MAR 1    473                       542    -69
  SINCE JUL 1   3190                      3249    -59

 COOLING
  YESTERDAY        0                         2     -2
  MONTH TO DATE   13                        29    -16
  SINCE MAR 1     16                        32    -16
  SINCE JAN 1     16                        32    -16
...............................................................


WIND (MPH)
  HIGHEST WIND SPEED    31   HIGHEST WIND DIRECTION     N (360)
  HIGHEST GUST SPEED    39   HIGHEST GUST DIRECTION     N (360)
  AVERAGE WIND SPEED    17.9


SKY COVER
  AVERAGE SKY COVER 0.8


WEATHER CONDITIONS
 THE FOLLOWING WEATHER WAS RECORDED YESTERDAY.
  LIGHT RAIN


RELATIVE HUMIDITY (PERCENT)
 HIGHEST    80           500 AM
 LOWEST     51          1000 AM
 AVERAGE    66

..........................................................


THE ROSWELL NM CLIMATE NORMALS FOR TODAY
                         NORMAL    RECORD    YEAR
 MAXIMUM TEMPERATURE (F)   80        95      1992
 MINIMUM TEMPERATURE (F)   49        31      1961


SUNRISE AND SUNSET
APRIL 28 2015.........SUNRISE   613 AM MDT   SUNSET   738 PM MDT
APRIL 29 2015.........SUNRISE   612 AM MDT   SUNSET   739 PM MDT


-  INDICATES NEGATIVE NUMBERS.
R  INDICATES RECORD WAS SET OR TIED.
MM INDICATES DATA IS MISSING.
T  INDICATES TRACE AMOUNT.




$$
