000
CDUS46 KSTO 060053
CLISAC

CLIMATE REPORT
NATIONAL WEATHER SERVICE SACRAMENTO, CA
553 PM PDT TUE MAY 5 2015


...................................

...THE SACRAMENTO EXEC. AIRPORT CA CLIMATE SUMMARY FOR MAY 5 2015...
VALID TODAY AS OF 0500 PM LOCAL TIME.

CLIMATE NORMAL PERIOD 1981 TO 2010
CLIMATE RECORD PERIOD 1930 TO 2015


WEATHER ITEM   OBSERVED TIME   RECORD YEAR NORMAL DEPARTURE LAST
                VALUE   (LST)  VALUE       VALUE  FROM      YEAR
                                                  NORMAL
..................................................................
TEMPERATURE (F)
 TODAY
  MAXIMUM         76    359 PM  96    1990  77     -1       73
  MINIMUM         52    547 AM  38    1965  49      3       53
  AVERAGE         64

PRECIPITATION (IN)
  TODAY            0.00          0.41 1995   0.03  -0.03      T
  MONTH TO DATE    0.00                      0.14  -0.14      T
  SINCE OCT 1     15.27                     17.43  -2.16     9.20
  SINCE JAN 1      4.89                     11.15  -6.26     7.89

SNOWFALL (IN)
  TODAY            0.0          MM      MM   0.0             0.0
  MONTH TO DATE    0.0                       0.0             0.0
  SINCE MAR 1      0.0                       0.0             0.0
  SINCE JUL 1      0.0                       0.0             0.0

DEGREE DAYS
 HEATING
  TODAY            1

 COOLING
  TODAY            0
..................................................................


WIND (MPH)
  RESULTANT WIND SPEED   6   RESULTANT WIND DIRECTION   S (200)
  HIGHEST WIND SPEED    14   HIGHEST WIND DIRECTION    SW (210)
  HIGHEST GUST SPEED    20   HIGHEST GUST DIRECTION    SW (210)


SKY COVER
  POSSIBLE SUNSHINE  MM
  AVERAGE SKY COVER 0.0


WEATHER CONDITIONS
 THE FOLLOWING WEATHER WAS RECORDED TODAY.
  NO SIGNIFICANT WEATHER WAS OBSERVED.


RELATIVE HUMIDITY (PERCENT)
 HIGHEST    83
 LOWEST     38
 AVERAGE    61

..........................................................


THE SACRAMENTO EXEC. AIRPORT CA CLIMATE NORMALS FOR TOMORROW
                         NORMAL    RECORD    YEAR
 MAXIMUM TEMPERATURE (F)   77        99      1987
 MINIMUM TEMPERATURE (F)   49        37      1986


SUNRISE AND SUNSET
MAY  5 2015...........SUNRISE   604 AM PDT   SUNSET   801 PM PDT
MAY  6 2015...........SUNRISE   603 AM PDT   SUNSET   802 PM PDT


-  INDICATES NEGATIVE NUMBERS.
R  INDICATES RECORD WAS SET OR TIED.
MM INDICATES DATA IS MISSING.
T  INDICATES TRACE AMOUNT.






&&
....................................................................

SACRAMENTO CITY CLIMATE DATA FOR TUESDAY MAY 5 2015

HIGH...   78  RECORD HIGH   100 IN 1987    NORMAL    HIGH   78
LOW....   52  RECORD LOW     42 IN 1988    NORMAL    LOW    52

RAIN SINCE MIDNIGHT....  0.00   RECORD THIS DATE....... 1.94 IN 1889
TOTAL THIS MONTH.......  0.00   NORMAL SINCE OCT 1ST.........  19.1
TOTAL SINCE OCT 1ST... 13.54   PERCENT OF NORMAL.............  71%


$$
