000
CDUS46 KLOX 070114
CLISBA


CLIMATE REPORT
NATIONAL WEATHER SERVICE LOS ANGELES/OXNARD CA
614 PM PDT WED MAY 6 2015


...................................

...THE SANTA BARBARA AIRPORT CA CLIMATE SUMMARY FOR MAY 6 2015...
VALID TODAY AS OF 0600 PM LOCAL TIME.

CLIMATE NORMAL PERIOD 1981 TO 2010
CLIMATE RECORD PERIOD 1940 TO 2015


WEATHER ITEM   OBSERVED TIME   RECORD YEAR NORMAL DEPARTURE LAST
                VALUE   (LST)  VALUE       VALUE  FROM      YEAR
                                                  NORMAL
..................................................................
TEMPERATURE (F)
 TODAY
  MAXIMUM         69    152 PM 100    2009  69      0       70
  MINIMUM         46    523 AM  40    1975  51     -5       53
  AVERAGE         58                        60     -2       62

PRECIPITATION (IN)
  TODAY            0.00          0.21 1955   0.01  -0.01     0.00
  MONTH TO DATE    0.00                      0.11  -0.11     0.00
  SINCE OCT 1      9.00                     17.05  -8.05     6.49
  SINCE JAN 1      2.71                     11.75  -9.04     5.20

SNOWFALL (IN)
  TODAY            0.0
  MONTH TO DATE    0.0
  SINCE MAR 1      0.0
  SINCE JUL 1      0.0

DEGREE DAYS
 HEATING
  TODAY            7                         6      1        3
  MONTH TO DATE   39                        36      3        9
  SINCE MAR 1    303                       560   -257      334
  SINCE JUL 1   1128                      2161  -1033     1569

 COOLING
  TODAY            0                         0      0        0
  MONTH TO DATE    0                         0      0       12
  SINCE MAR 1     38                         7     31       28
  SINCE JAN 1     38                         7     31       28
..................................................................


WIND (MPH)
  HIGHEST WIND SPEED    23   HIGHEST WIND DIRECTION     W (250)
  HIGHEST GUST SPEED    28   HIGHEST GUST DIRECTION     W (270)
  AVERAGE WIND SPEED     6.4


SKY COVER
  POSSIBLE SUNSHINE  MM
  AVERAGE SKY COVER 0.4


WEATHER CONDITIONS
 THE FOLLOWING WEATHER WAS RECORDED TODAY.
  NO SIGNIFICANT WEATHER WAS OBSERVED.


RELATIVE HUMIDITY (PERCENT)
 HIGHEST    86           300 AM
 LOWEST     45           100 PM
 AVERAGE    66

..........................................................


THE SANTA BARBARA AIRPORT CA CLIMATE NORMALS FOR TOMORROW
                         NORMAL    RECORD    YEAR
 MAXIMUM TEMPERATURE (F)   69       101      2009
 MINIMUM TEMPERATURE (F)   51        40      1964


SUNRISE AND SUNSET
MAY  6 2015...........SUNRISE   605 AM PDT   SUNSET   748 PM PDT
MAY  7 2015...........SUNRISE   604 AM PDT   SUNSET   748 PM PDT


-  INDICATES NEGATIVE NUMBERS.
R  INDICATES RECORD WAS SET OR TIED.
MM INDICATES DATA IS MISSING.
T  INDICATES TRACE AMOUNT.




$$
