000
CDUS46 KMTR 040845
CLISFD


CLIMATE REPORT
NATIONAL WEATHER SERVICE SAN FRANCISCO BAY AREA
145 AM PDT MON MAY 4 2015


...................................

...THE SAN FRANCISCO DWTN CA CLIMATE SUMMARY FOR MAY 3 2015...

CLIMATE NORMAL PERIOD 1981 TO 2010
CLIMATE RECORD PERIOD 1850 TO 2015


WEATHER ITEM   OBSERVED TIME   RECORD YEAR NORMAL DEPARTURE LAST
                VALUE   (LST)  VALUE       VALUE  FROM      YEAR
                                                  NORMAL
..................................................................
TEMPERATURE (F)
 YESTERDAY
  MAXIMUM         60    143 PM  79    2013  64     -4       62
                                      1935
  MINIMUM         51   1143 PM  44    1950  50      1       52
  AVERAGE         56                        57     -1       57

PRECIPITATION (IN)
  YESTERDAY        0.00          0.62 1860   0.03  -0.03     0.00
  MONTH TO DATE    0.00                      0.10  -0.10     0.00
  SINCE OCT 1     17.34                     22.62  -5.28    12.07
  SINCE JAN 1      2.89                     13.78 -10.89    10.42

DEGREE DAYS
 HEATING
  YESTERDAY        9                        MM     MM        8
  MONTH TO DATE   21                        MM     MM       14
  SINCE MAR 1    418                        MM     MM      435
  SINCE JUL 1   1492                        MM     MM     2098

 COOLING
  YESTERDAY        0                        MM     MM        0
  MONTH TO DATE    0                         0      0        8
  SINCE MAR 1     14                         0     14       25
  SINCE JAN 1     14                         0     14       25
..................................................................







THE SAN FRANCISCO DWTN CA CLIMATE NORMALS FOR TODAY
                         NORMAL    RECORD    YEAR
 MAXIMUM TEMPERATURE (F)   64        84      1935
 MINIMUM TEMPERATURE (F)   50        45      1952


SUNRISE AND SUNSET
MAY  4 2015...........SUNRISE   611 AM PDT   SUNSET   803 PM PDT
MAY  5 2015...........SUNRISE   610 AM PDT   SUNSET   804 PM PDT


-  INDICATES NEGATIVE NUMBERS.
R  INDICATES RECORD WAS SET OR TIED.
MM INDICATES DATA IS MISSING.
T  INDICATES TRACE AMOUNT.




$$
