000
CDUS44 KSHV 250753
CLISHV


CLIMATE REPORT
NATIONAL WEATHER SERVICE SHREVEPORT, LA
250 AM CDT SAT APR 25 2015


...................................

...THE SHREVEPORT CLIMATE SUMMARY FOR APRIL 24 2015...

CLIMATE NORMAL PERIOD 1981 TO 2010
CLIMATE RECORD PERIOD 1874 TO 2015


WEATHER ITEM   OBSERVED TIME   RECORD YEAR NORMAL DEPARTURE LAST
                VALUE   (LST)  VALUE       VALUE  FROM      YEAR
                                                  NORMAL
..................................................................
TEMPERATURE (F)
 YESTERDAY
  MAXIMUM         76    235 PM  89    2011  79     -3       81
                                      1999
                                      1992
  MINIMUM         61    337 AM  39    1910  56      5       61
  AVERAGE         69                        67      2       71

PRECIPITATION (IN)
  YESTERDAY        0.71          2.40 1964   0.14   0.57      T
  MONTH TO DATE    5.13                      3.33   1.80     3.96
  SINCE DEC 1     28.63                     21.19   7.44    16.40
  SINCE JAN 1     24.88                     16.42   8.46    11.42

SNOWFALL (IN)
  YESTERDAY        0.0
  MONTH TO DATE    0.0
  SINCE MAR 1      0.4
  SINCE JUL 1      4.5
  SNOW DEPTH       0

DEGREE DAYS
 HEATING
  YESTERDAY        0                         2     -2        0
  MONTH TO DATE   27                        80    -53      102
  SINCE MAR 1    281                       331    -50      424
  SINCE JUL 1   2281                      2213     68     2535

 COOLING
  YESTERDAY        4                         4      0        6
  MONTH TO DATE  115                        67     48       73
  SINCE MAR 1    141                        98     43       86
  SINCE JAN 1    141                       108     33       92
..................................................................


WIND (MPH)
  HIGHEST WIND SPEED    30   HIGHEST WIND DIRECTION    NW (320)
  HIGHEST GUST SPEED    43   HIGHEST GUST DIRECTION    NW (330)
  AVERAGE WIND SPEED     6.3


SKY COVER
  POSSIBLE SUNSHINE  MM
  AVERAGE SKY COVER 1.0


WEATHER CONDITIONS
 THE FOLLOWING WEATHER WAS RECORDED YESTERDAY.
  THUNDERSTORM
  HEAVY RAIN
  RAIN
  LIGHT RAIN
  FOG
  HAZE


RELATIVE HUMIDITY (PERCENT)
 HIGHEST    93           700 AM
 LOWEST     82           200 PM
 AVERAGE    88

..........................................................


THE SHREVEPORT CLIMATE NORMALS FOR TODAY
                         NORMAL    RECORD    YEAR
 MAXIMUM TEMPERATURE (F)   79        88      1925
 MINIMUM TEMPERATURE (F)   56        34      1910


SUNRISE AND SUNSET
APRIL 25 2015.........SUNRISE   635 AM CDT   SUNSET   752 PM CDT
APRIL 26 2015.........SUNRISE   634 AM CDT   SUNSET   753 PM CDT


-  INDICATES NEGATIVE NUMBERS.
R  INDICATES RECORD WAS SET OR TIED.
MM INDICATES DATA IS MISSING.
T  INDICATES TRACE AMOUNT.




$$
