000
CDUS46 KMTR 270835
CLISJC


CLIMATE REPORT
NATIONAL WEATHER SERVICE SAN FRANCISCO BAY AREA
135 AM PDT MON APR 27 2015


...................................

...THE SAN JOSE AIRPORT CLIMATE SUMMARY FOR APRIL 26 2015...

CLIMATE NORMAL PERIOD 1981 TO 2010
CLIMATE RECORD PERIOD 1893 TO 2015


WEATHER ITEM   OBSERVED TIME   RECORD YEAR NORMAL DEPARTURE LAST
                VALUE   (LST)  VALUE       VALUE  FROM      YEAR
                                                  NORMAL
..................................................................
TEMPERATURE (F)
 YESTERDAY
  MAXIMUM         72    236 PM  93    2004  72      0       63
  MINIMUM         48    554 AM  38    1943  50     -2       49
  AVERAGE         60                        61     -1       56

PRECIPITATION (IN)
  YESTERDAY        0.00          0.42 1894   0.03  -0.03     0.02
  MONTH TO DATE    0.88                      0.97  -0.09     0.66
  SINCE OCT 1     12.76                     14.10  -1.34     5.68
  SINCE JAN 1      2.81                      9.32  -6.51     4.78

SNOWFALL (IN)
  YESTERDAY        0.0                      MM     MM        0.0
  MONTH TO DATE    0.0                      MM     MM        0.0
  SINCE MAR 1      0.0                      MM     MM        0.0
  SINCE JUL 1      0.0                      MM     MM        0.0

DEGREE DAYS
 HEATING
  YESTERDAY        5                         5      0        9
  MONTH TO DATE  149                       167    -18      125
  SINCE MAR 1    285                       422   -137      295
  SINCE JUL 1   1505                      1885   -380     1836

 COOLING
  YESTERDAY        0                         1     -1        0
  MONTH TO DATE    0                        11    -11       11
  SINCE MAR 1     14                        15     -1       15
  SINCE JAN 1     14                        15     -1       15
..................................................................


WIND (MPH)
  RESULTANT WIND SPEED   7   RESULTANT WIND DIRECTION  NW (310)
  HIGHEST WIND SPEED    21   HIGHEST WIND DIRECTION    NW (320)
  HIGHEST GUST SPEED    24   HIGHEST GUST DIRECTION    NW (330)
  AVERAGE WIND SPEED     8.0


SKY COVER
  POSSIBLE SUNSHINE  MM
  AVERAGE SKY COVER 0.3


WEATHER CONDITIONS
 THE FOLLOWING WEATHER WAS RECORDED YESTERDAY.
  NO SIGNIFICANT WEATHER WAS OBSERVED.


RELATIVE HUMIDITY (PERCENT)
 HIGHEST    80           400 AM
 LOWEST     29           200 PM
 AVERAGE    55

..........................................................


THE SAN JOSE AIRPORT CLIMATE NORMALS FOR TODAY
                         NORMAL    RECORD    YEAR
 MAXIMUM TEMPERATURE (F)   72        92      2004
 MINIMUM TEMPERATURE (F)   50        33      1896


SUNRISE AND SUNSET
APRIL 27 2015.........SUNRISE   618 AM PDT   SUNSET   754 PM PDT
APRIL 28 2015.........SUNRISE   616 AM PDT   SUNSET   755 PM PDT


-  INDICATES NEGATIVE NUMBERS.
R  INDICATES RECORD WAS SET OR TIED.
MM INDICATES DATA IS MISSING.
T  INDICATES TRACE AMOUNT.




$$
