000
CDUS45 KSLC 040032
CLISLC


CLIMATE REPORT
NATIONAL WEATHER SERVICE SALT LAKE CITY UT
631 PM MDT SUN MAY 3 2015


...................................

...THE SALT LAKE CITY UT CLIMATE SUMMARY FOR MAY 3 2015...
VALID TODAY AS OF 0500 PM LOCAL TIME.

CLIMATE NORMAL PERIOD 1981 TO 2010
CLIMATE RECORD PERIOD 1874 TO 2015


WEATHER ITEM   OBSERVED TIME   RECORD YEAR NORMAL DEPARTURE LAST
                VALUE   (LST)  VALUE       VALUE  FROM      YEAR
                                                  NORMAL
..................................................................
TEMPERATURE (F)
 TODAY
  MAXIMUM         79    531 PM  91    1947  67     12       83
  MINIMUM         57    548 AM  28    1964  44     13       55
                                      1948
  AVERAGE         68                        56     12       69

PRECIPITATION (IN)
  TODAY            T             2.64 1901   0.07  -0.07     0.00
  MONTH TO DATE    T                         0.22  -0.22     0.00
  SINCE OCT 1      6.21                     10.88  -4.67     8.44
  SINCE JAN 1      4.20                      6.50  -2.30     5.43

SNOWFALL (IN)
  TODAY            0.0           2.2  1950   0.0    0.0      0.0
  MONTH TO DATE    0.0                       0.1   -0.1      0.0
  SINCE OCT 1     15.4                      56.0  -40.6     35.5
  SINCE JUL 1     15.4                      56.0  -40.6     35.5
  SNOW DEPTH       0

DEGREE DAYS
 HEATING
  TODAY            0                        10    -10        0
  MONTH TO DATE    2                        30    -28       13
  SINCE MAR 1    839                      1130   -291      885
  SINCE JUL 1   4186                      5386  -1200     4872

 COOLING
  TODAY            3                         1      2        4
  MONTH TO DATE    9                         2      7        4
  SINCE MAR 1      9                         6      3        4
  SINCE JAN 1      9                         6      3        4
..................................................................


WIND (MPH)
  RESULTANT WIND SPEED   6   RESULTANT WIND DIRECTION   S (160)
  HIGHEST WIND SPEED    31   HIGHEST WIND DIRECTION    SW (230)
  HIGHEST GUST SPEED    41   HIGHEST GUST DIRECTION    SW (230)
  AVERAGE WIND SPEED     9.1


SKY COVER
  POSSIBLE SUNSHINE  MM
  AVERAGE SKY COVER 0.2


WEATHER CONDITIONS
 THE FOLLOWING WEATHER WAS RECORDED TODAY.
  LIGHT RAIN


RELATIVE HUMIDITY (PERCENT)
 HIGHEST    55           600 AM
 LOWEST     19          1100 AM
 AVERAGE    37

..........................................................


THE SALT LAKE CITY UT CLIMATE NORMALS FOR TOMORROW
                         NORMAL    RECORD    YEAR
 MAXIMUM TEMPERATURE (F)   68        88      1947
 MINIMUM TEMPERATURE (F)   44        31      1964


SUNRISE AND SUNSET
MAY  3 2015...........SUNRISE   624 AM MDT   SUNSET   826 PM MDT
MAY  4 2015...........SUNRISE   623 AM MDT   SUNSET   827 PM MDT


-  INDICATES NEGATIVE NUMBERS.
R  INDICATES RECORD WAS SET OR TIED.
MM INDICATES DATA IS MISSING.
T  INDICATES TRACE AMOUNT.




$$
