000
CDUS46 KSGX 020017
CLISNA


CLIMATE REPORT
NATIONAL WEATHER SERVICE SAN DIEGO, CA
517 PM PDT WED APR 1 2015


...................................

...THE JOHN WAYNE AIRPORT CA CLIMATE SUMMARY FOR APRIL 1 2015...
VALID TODAY AS OF 0500 PM LOCAL TIME.

CLIMATE NORMAL PERIOD 1981 TO 2010
CLIMATE RECORD PERIOD 1999 TO 2015


WEATHER ITEM   OBSERVED TIME   RECORD YEAR NORMAL DEPARTURE LAST
                VALUE   (LST)  VALUE       VALUE  FROM      YEAR
                                                  NORMAL
..................................................................
TEMPERATURE (F)
 TODAY
  MAXIMUM         72    211 PM  84    2000  68      4       63
  MINIMUM         59   1222 AM  47    2010  53      6       54
  AVERAGE         66                        60      6       59

PRECIPITATION (IN)
  TODAY            0.00          0.49 2004   0.03  -0.03     0.07
  MONTH TO DATE    0.00                      0.03  -0.03     0.07
  SINCE OCT 1      5.74                     11.87  -6.13     3.27
  SINCE JAN 1      1.94                      7.79  -5.85     2.34

SNOWFALL (IN)
  TODAY            0.0
  MONTH TO DATE    0.0
  SINCE MAR 1      0.0
  SINCE JUL 1      0.0
  SNOW DEPTH       0

DEGREE DAYS
 HEATING
  TODAY            0                         5     -5        6
  MONTH TO DATE    0                         5     -5        6
  SINCE MAR 1     25                       186   -161       75
  SINCE JUL 1    250                      1092   -842      565

 COOLING
  TODAY            1                         0      1        0
  MONTH TO DATE    1                         0      1        0
  SINCE MAR 1    106                         7     99       20
  SINCE JAN 1    178                        15    163       47
..................................................................


WIND (MPH)
  RESULTANT WIND SPEED   3   RESULTANT WIND DIRECTION   S (180)
  HIGHEST WIND SPEED    14   HIGHEST WIND DIRECTION     S (200)
  HIGHEST GUST SPEED    22   HIGHEST GUST DIRECTION    SW (220)
  AVERAGE WIND SPEED     5.5


SKY COVER
  POSSIBLE SUNSHINE  MM
  AVERAGE SKY COVER 0.6


WEATHER CONDITIONS
 THE FOLLOWING WEATHER WAS RECORDED TODAY.
  NO SIGNIFICANT WEATHER WAS OBSERVED.


RELATIVE HUMIDITY (PERCENT)
 HIGHEST    80          1200 AM
 LOWEST     51          1100 AM
 AVERAGE    66

..........................................................


THE JOHN WAYNE AIRPORT CA CLIMATE NORMALS FOR TOMORROW
                         NORMAL    RECORD    YEAR
 MAXIMUM TEMPERATURE (F)   68        77      2005
 MINIMUM TEMPERATURE (F)   53        43      1999


SUNRISE AND SUNSET
APRIL  1 2015.........SUNRISE   639 AM PDT   SUNSET   712 PM PDT
APRIL  2 2015.........SUNRISE   638 AM PDT   SUNSET   713 PM PDT


-  INDICATES NEGATIVE NUMBERS.
R  INDICATES RECORD WAS SET OR TIED.
MM INDICATES DATA IS MISSING.
T  INDICATES TRACE AMOUNT.




$$
