000
CDUS43 KILX 070638
CLISPI


CLIMATE REPORT
NATIONAL WEATHER SERVICE LINCOLN IL
137 AM CDT THU MAY 7 2015


...................................

...THE SPRINGFIELD IL CLIMATE SUMMARY FOR MAY 6 2015...

CLIMATE NORMAL PERIOD 1981 TO 2010
CLIMATE RECORD PERIOD 1879 TO 2015


WEATHER ITEM   OBSERVED TIME   RECORD YEAR NORMAL DEPARTURE LAST
                VALUE   (LST)  VALUE       VALUE  FROM      YEAR
                                                  NORMAL
..................................................................
TEMPERATURE (F)
 YESTERDAY
  MAXIMUM         88    252 PM  90    2012  72     16       83
  MINIMUM         66    542 AM  34    1944  49     17       51
  AVERAGE         77                        61     16       67

PRECIPITATION (IN)
  YESTERDAY        0.00          1.53 1967   0.13  -0.13     0.00
  MONTH TO DATE    0.03                      0.79  -0.76     0.01
  SINCE MAR 1      3.71                      6.93  -3.22     6.11
  SINCE JAN 1      6.99                     10.56  -3.57    11.54

SNOWFALL (IN)
  YESTERDAY        0.0           0.0    MM   0.0    0.0      0.0
  MONTH TO DATE    0.0                       0.0    0.0      0.0
  SINCE MAR 1      3.7                       2.8    0.9      3.4
  SINCE JUL 1     33.9                      20.9   13.0     45.7
  SNOW DEPTH       0

DEGREE DAYS
 HEATING
  YESTERDAY        0                         6     -6        0
  MONTH TO DATE   13                        39    -26       39
  SINCE MAR 1   1028                      1113    -85     1183
  SINCE JUL 1   5597                      5384    213     6130

 COOLING
  YESTERDAY       12                         1     11        2
  MONTH TO DATE   37                         6     31        2
  SINCE MAR 1     47                        26     21       12
  SINCE JAN 1     47                        26     21       12
..................................................................


WIND (MPH)
  HIGHEST WIND SPEED    25   HIGHEST WIND DIRECTION     S (200)
  HIGHEST GUST SPEED    32   HIGHEST GUST DIRECTION     S (170)
  AVERAGE WIND SPEED    12.5


SKY COVER
  POSSIBLE SUNSHINE  MM
  AVERAGE SKY COVER 0.2


WEATHER CONDITIONS
 THE FOLLOWING WEATHER WAS RECORDED YESTERDAY.
  NO SIGNIFICANT WEATHER WAS OBSERVED.


RELATIVE HUMIDITY (PERCENT)
 HIGHEST    68           300 AM
 LOWEST     29           200 PM
 AVERAGE    49

..........................................................


THE SPRINGFIELD IL CLIMATE NORMALS FOR TODAY
                         NORMAL    RECORD    YEAR
 MAXIMUM TEMPERATURE (F)   72        89      1965
                                             1940
 MINIMUM TEMPERATURE (F)   50        34      1989
                                             1976


SUNRISE AND SUNSET
MAY  7 2015...........SUNRISE   552 AM CDT   SUNSET   759 PM CDT
MAY  8 2015...........SUNRISE   551 AM CDT   SUNSET   800 PM CDT


-  INDICATES NEGATIVE NUMBERS.
R  INDICATES RECORD WAS SET OR TIED.
MM INDICATES DATA IS MISSING.
T  INDICATES TRACE AMOUNT.




$$
