000
CDUS43 KFSD 280634
CLISUX


CLIMATE REPORT
NATIONAL WEATHER SERVICE SIOUX FALLS SD
132 AM CDT TUE APR 28 2015


...................................

...THE SIOUX CITY IA CLIMATE SUMMARY FOR APRIL 27 2015...

CLIMATE NORMAL PERIOD 1981 TO 2010
CLIMATE RECORD PERIOD 1889 TO 2015


WEATHER ITEM   OBSERVED TIME   RECORD YEAR NORMAL DEPARTURE LAST
                VALUE   (LST)  VALUE       VALUE  FROM      YEAR
                                                  NORMAL
..................................................................
TEMPERATURE (F)
 YESTERDAY
  MAXIMUM         72    458 PM  91    1989  67      5       65
  MINIMUM         33    540 AM  24    1950  42     -9       53
  AVERAGE         53                        54     -1       59

PRECIPITATION (IN)
  YESTERDAY        0.00          1.21 1955   0.10  -0.10     0.09
  MONTH TO DATE    2.53                      2.63  -0.10     1.44
  SINCE MAR 1      3.41                      4.63  -1.22     1.82
  SINCE JAN 1      4.37                      5.92  -1.55     2.59

SNOWFALL (IN)
  YESTERDAY        0.0           T    1994   0.0    0.0      0.0
                                      1965
                                      1961
  MONTH TO DATE    0.0                       1.7   -1.7      5.3
  SINCE MAR 1      T                         8.2   -8.2     10.0
  SINCE JUL 1     21.5                      34.7  -13.2     23.8
  SNOW DEPTH       0

DEGREE DAYS
 HEATING
  YESTERDAY       12                        11      1        6
  MONTH TO DATE  343                       443   -100      412
  SINCE MAR 1   1050                      1327   -277     1392
  SINCE JUL 1   6216                      6621   -405     6996

 COOLING
  YESTERDAY        0                         1     -1        0
  MONTH TO DATE    1                         7     -6        9
  SINCE MAR 1      1                         7     -6        9
  SINCE JAN 1      1                         7     -6        9
..................................................................


WIND (MPH)
  HIGHEST WIND SPEED    16   HIGHEST WIND DIRECTION    NE (60)
  HIGHEST GUST SPEED    23   HIGHEST GUST DIRECTION     N (20)
  AVERAGE WIND SPEED     4.5


SKY COVER
  POSSIBLE SUNSHINE  MM
  AVERAGE SKY COVER 0.0


WEATHER CONDITIONS
 THE FOLLOWING WEATHER WAS RECORDED YESTERDAY.
  NO SIGNIFICANT WEATHER WAS OBSERVED.


RELATIVE HUMIDITY (PERCENT)
 HIGHEST    82           400 AM
 LOWEST     15           400 PM
 AVERAGE    49

..........................................................


THE SIOUX CITY IA CLIMATE NORMALS FOR TODAY
                         NORMAL    RECORD    YEAR
 MAXIMUM TEMPERATURE (F)   67        98      1910
 MINIMUM TEMPERATURE (F)   42        27      2008
                                             1979


SUNRISE AND SUNSET
APRIL 28 2015.........SUNRISE   625 AM CDT   SUNSET   822 PM CDT
APRIL 29 2015.........SUNRISE   624 AM CDT   SUNSET   823 PM CDT


-  INDICATES NEGATIVE NUMBERS.
R  INDICATES RECORD WAS SET OR TIED.
MM INDICATES DATA IS MISSING.
T  INDICATES TRACE AMOUNT.




$$
