000
CDUS44 KBMX 210755
CLITCL


CLIMATE REPORT
NATIONAL WEATHER SERVICE BIRMINGHAM, AL
254 AM CDT TUE APR 21 2015


...................................

...THE TUSCALOOSA CLIMATE SUMMARY FOR APRIL 20 2015...

CLIMATE NORMAL PERIOD 1994 TO 1994
CLIMATE RECORD PERIOD 1994 TO 2015


WEATHER ITEM   OBSERVED TIME   RECORD YEAR NORMAL DEPARTURE LAST
                VALUE   (LST)  VALUE       VALUE  FROM      YEAR
                                                  NORMAL
..................................................................
TEMPERATURE (F)
 YESTERDAY
  MAXIMUM         73    258 PM  89    2006  77     -4       79
                                      1987
  MINIMUM         54   1159 PM  34    1953  51      3       47
  AVERAGE         64                        64      0       63

PRECIPITATION (IN)
  YESTERDAY        T             2.17 1992   0.14  -0.14     0.00
  MONTH TO DATE    8.00                      2.88   5.12     6.50
  SINCE MAR 1     11.44                      7.42   4.02    11.78
  SINCE JAN 1     22.19                     18.09   4.10    19.50

SNOWFALL (IN)
  YESTERDAY        0.0                       0.0    0.0
  MONTH TO DATE    0.0                       0.0    0.0
  SINCE MAR 1      T                         0.3   -0.3
  SINCE JUL 1      T                         0.7   -0.7

DEGREE DAYS
 HEATING
  YESTERDAY        1                         3     -2
  MONTH TO DATE   22                        97    -75
  SINCE MAR 1    237                       391   -154
  SINCE JUL 1   2532                      2481     51
..................................................................


WIND (MPH)
  HIGHEST WIND SPEED    17   HIGHEST WIND DIRECTION     W (260)
  HIGHEST GUST SPEED    22   HIGHEST GUST DIRECTION    SW (240)
  AVERAGE WIND SPEED     7.9


SKY COVER
  AVERAGE SKY COVER 0.3


WEATHER CONDITIONS
 THE FOLLOWING WEATHER WAS RECORDED YESTERDAY.
  NO SIGNIFICANT WEATHER WAS OBSERVED.


RELATIVE HUMIDITY (PERCENT)
 HIGHEST    90           600 AM
 LOWEST     44           200 PM
 AVERAGE    67

..........................................................


THE TUSCALOOSA CLIMATE NORMALS FOR TODAY
                         NORMAL    RECORD    YEAR
 MAXIMUM TEMPERATURE (F)   77        94      1987
 MINIMUM TEMPERATURE (F)   52        31      1953


SUNRISE AND SUNSET
APRIL 21 2015.........SUNRISE   614 AM CDT   SUNSET   725 PM CDT
APRIL 22 2015.........SUNRISE   612 AM CDT   SUNSET   726 PM CDT


-  INDICATES NEGATIVE NUMBERS.
R  INDICATES RECORD WAS SET OR TIED.
MM INDICATES DATA IS MISSING.
T  INDICATES TRACE AMOUNT.




$$
