000
CDUS45 KCYS 070328
CLITOR


CLIMATE REPORT
NATIONAL WEATHER SERVICE CHEYENNE WY
927 PM MDT WED MAY 6 2015


...................................

...THE TORRINGTON WY AIRPORT CLIMATE SUMMARY FOR MAY 6 2015...
VALID TODAY AS OF 0900 PM LOCAL TIME.

CLIMATE NORMAL PERIOD 1981 TO 2010
CLIMATE RECORD PERIOD 1998 TO 2015


WEATHER ITEM   OBSERVED TIME   RECORD YEAR NORMAL DEPARTURE LAST
                VALUE   (LST)  VALUE       VALUE  FROM      YEAR
                                                  NORMAL
..................................................................
TEMPERATURE (F)
 TODAY
  MAXIMUM         61    406 PM  84    2004  68     -7       70
  MINIMUM         50    759 PM  31    1999  39     11       41
  AVERAGE         56                        54      2       56

PRECIPITATION (IN)
  TODAY            0.79R         0.30 2005   0.07   0.72     0.02
  MONTH TO DATE    0.81                      0.46   0.35     0.02
  SINCE JAN 1      4.91                      3.47   1.44     2.76

DEGREE DAYS
 HEATING
  TODAY            9                        12     -3        9
  MONTH TO DATE   46                        75    -29       63
  SINCE MAR 1   1204                      1463   -259     1457
  SINCE JUL 1   5918                      6307   -389     6572

 COOLING
  TODAY            0                         0      0        0
  MONTH TO DATE    0                         0      0        0
  SINCE MAR 1      0                         1     -1        0
  SINCE JAN 1      0                         1     -1        0
..................................................................


WIND (MPH)
  HIGHEST WIND SPEED    26   HIGHEST WIND DIRECTION     N (340)
  HIGHEST GUST SPEED    35   HIGHEST GUST DIRECTION     N (340)
  AVERAGE WIND SPEED    10.9


SKY COVER
  AVERAGE SKY COVER 1.0


WEATHER CONDITIONS
 THE FOLLOWING WEATHER WAS RECORDED TODAY.
  RAIN
  LIGHT RAIN
  FOG


RELATIVE HUMIDITY (PERCENT)
 HIGHEST   100           500 AM
 LOWEST     72           400 PM
 AVERAGE    86

..........................................................


THE TORRINGTON WY AIRPORT CLIMATE NORMALS FOR TOMORROW
                         NORMAL    RECORD    YEAR
 MAXIMUM TEMPERATURE (F)   69        90      2004
 MINIMUM TEMPERATURE (F)   39        28      2010
                                             1999


SUNRISE AND SUNSET
MAY  6 2015...........SUNRISE   546 AM MDT   SUNSET   801 PM MDT
MAY  7 2015...........SUNRISE   545 AM MDT   SUNSET   802 PM MDT


-  INDICATES NEGATIVE NUMBERS.
R  INDICATES RECORD WAS SET OR TIED.
MM INDICATES DATA IS MISSING.
T  INDICATES TRACE AMOUNT.




$$
