000
CDUS46 KSGX 070017
CLITRM


CLIMATE REPORT
NATIONAL WEATHER SERVICE SAN DIEGO, CA
517 PM PDT WED MAY 6 2015


...................................

...THE THERMAL AIRPORT CA CLIMATE SUMMARY FOR MAY 6 2015...
VALID TODAY AS OF 0500 PM LOCAL TIME.

CLIMATE NORMAL PERIOD 1981 TO 2010
CLIMATE RECORD PERIOD 1950 TO 2015


WEATHER ITEM   OBSERVED TIME   RECORD YEAR NORMAL DEPARTURE LAST
                VALUE   (LST)  VALUE       VALUE  FROM      YEAR
                                                  NORMAL
..................................................................
TEMPERATURE (F)
 TODAY
  MAXIMUM         87    124 PM 107    1963  93     -6       81
  MINIMUM         63    525 AM  46    1988  59      4       63
  AVERAGE         75                        76     -1       72

PRECIPITATION (IN)
  TODAY            0.00          0.22 1969   0.00   0.00     0.00
  MONTH TO DATE    0.00                      0.00   0.00     0.00
  SINCE OCT 1      0.77                      2.58  -1.81     0.16
  SINCE JAN 1      0.62                      1.77  -1.15     0.08

SNOWFALL (IN)
  TODAY            0.0
  MONTH TO DATE    0.0
  SINCE MAR 1      0.0
  SINCE JUL 1      0.0
  SNOW DEPTH       0

DEGREE DAYS
 HEATING
  TODAY            0                         0      0        0
  MONTH TO DATE    0                         0      0        0
  SINCE MAR 1     44                       115    -71       32
  SINCE JUL 1    749                      1180   -431      821

 COOLING
  TODAY           10                        11     -1        7
  MONTH TO DATE   91                        63     28       69
  SINCE MAR 1    486                       307    179      421
  SINCE JAN 1    508                       319    189      431
..................................................................


WIND (MPH)
  RESULTANT WIND SPEED   7   RESULTANT WIND DIRECTION  NW (330)
  HIGHEST WIND SPEED    23   HIGHEST WIND DIRECTION     N (340)
  HIGHEST GUST SPEED    28   HIGHEST GUST DIRECTION    NW (330)
  AVERAGE WIND SPEED    11.8


SKY COVER
  POSSIBLE SUNSHINE  MM
  AVERAGE SKY COVER 0.0


WEATHER CONDITIONS
 THE FOLLOWING WEATHER WAS RECORDED TODAY.
  HAZE


RELATIVE HUMIDITY (PERCENT)
 HIGHEST    48           500 AM
 LOWEST     16           100 PM
 AVERAGE    32

..........................................................


THE THERMAL AIRPORT CA CLIMATE NORMALS FOR TOMORROW
                         NORMAL    RECORD    YEAR
 MAXIMUM TEMPERATURE (F)   93       105      1997
 MINIMUM TEMPERATURE (F)   60        43      1975


SUNRISE AND SUNSET
MAY  6 2015...........SUNRISE   551 AM PDT   SUNSET   732 PM PDT
MAY  7 2015...........SUNRISE   551 AM PDT   SUNSET   732 PM PDT


-  INDICATES NEGATIVE NUMBERS.
R  INDICATES RECORD WAS SET OR TIED.
MM INDICATES DATA IS MISSING.
T  INDICATES TRACE AMOUNT.




$$
