000
CDUS44 KTSA 062135
CLITUL

CLIMATE REPORT
NATIONAL WEATHER SERVICE TULSA OK
418 PM CDT WED MAY 6 2015


...................................

...THE TULSA OKLAHOMA CLIMATE SUMMARY FOR MAY 6 2015...
VALID TODAY AS OF 0400 PM LOCAL TIME.

CLIMATE NORMAL PERIOD 1981 TO 2010
CLIMATE RECORD PERIOD 1882 TO 2015


WEATHER ITEM   OBSERVED TIME   RECORD YEAR NORMAL DEPARTURE LAST
                VALUE   (LST)  VALUE       VALUE  FROM      YEAR
                                                  NORMAL
..................................................................
TEMPERATURE (F)
 TODAY
  MAXIMUM         79    230 PM  93    2003  77      2       88
  MINIMUM         60    702 AM  36    1944  56      4       67
  AVERAGE         70                        67      3       78

PRECIPITATION (IN)
  TODAY            0.98          3.15 1899   0.19   0.79     0.00
  MONTH TO DATE    1.12                      1.11   0.01     0.00
  SINCE MAR 1      8.93                      8.19   0.74     4.49
  SINCE JAN 1     11.25                     11.70  -0.45     4.94

DEGREE DAYS
 COOLING
  TODAY            5                         4      1       13
  MONTH TO DATE   28                        19      9       46
  SINCE MAR 1    102                        83     19       80
  SINCE JAN 1    102                        84     18       80
..................................................................


WIND (MPH)
  HIGHEST WIND SPEED    31   HIGHEST WIND DIRECTION     S (170)
  HIGHEST GUST SPEED    39   HIGHEST GUST DIRECTION     S (180)
  AVERAGE WIND SPEED    16.4


SKY COVER
  POSSIBLE SUNSHINE  MM
  AVERAGE SKY COVER 0.9


WEATHER CONDITIONS
 THE FOLLOWING WEATHER WAS RECORDED TODAY.
  THUNDERSTORM
  HEAVY RAIN
  RAIN
  LIGHT RAIN
  FOG


RELATIVE HUMIDITY (PERCENT)
 HIGHEST   100           100 AM
 LOWEST     62           300 PM
 AVERAGE    81

..........................................................


THE TULSA OKLAHOMA CLIMATE NORMALS FOR TOMORROW
                         NORMAL    RECORD    YEAR
 MAXIMUM TEMPERATURE (F)   77        93      1918
 MINIMUM TEMPERATURE (F)   56        40      1931


SUNRISE AND SUNSET
MAY  6 2015...........SUNRISE   626 AM CDT   SUNSET   815 PM CDT
MAY  7 2015...........SUNRISE   625 AM CDT   SUNSET   816 PM CDT


-  INDICATES NEGATIVE NUMBERS.
R  INDICATES RECORD WAS SET OR TIED.
MM INDICATES DATA IS MISSING.
T  INDICATES TRACE AMOUNT.




$$

&&
...........................................................

TULSA RECORD LOW MAX AND HIGH MIN TEMPERATURES FOR TOMORROW
                      RECORD        YEAR
  LOW MAXIMUM           52          1910
  HIGH MINIMUM          72          2000
...........................................................
ALL DATA MEASURED AT THE TULSA INTERNATIONAL AIRPORT...
EXCEPT SNOWFALL...WHICH IS MEASURED AT THE NWS OFFICE.
