000
CDUS44 KMEG 250633
CLITUP


CLIMATE REPORT
NATIONAL WEATHER SERVICE MEMPHIS TN
132 AM CDT SAT APR 25 2015


...................................

...THE TUPELO CLIMATE SUMMARY FOR APRIL 24 2015...

CLIMATE NORMAL PERIOD 1981 TO 2010
CLIMATE RECORD PERIOD 1930 TO 2015


WEATHER ITEM   OBSERVED TIME   RECORD YEAR NORMAL DEPARTURE LAST
                VALUE   (LST)  VALUE       VALUE  FROM      YEAR
                                                  NORMAL
..................................................................
TEMPERATURE (F)
 YESTERDAY
  MAXIMUM         68    120 PM  90    1965  76     -8       84
  MINIMUM         50    310 AM  33    1982  53     -3       45
  AVERAGE         59                        64     -5       65

PRECIPITATION (IN)
  YESTERDAY        0.29          2.79 1999   0.16   0.13     0.01
  MONTH TO DATE    5.94                      3.73   2.21     4.92
  SINCE MAR 1     12.36                      8.55   3.81     8.00
  SINCE JAN 1     21.52                     17.99   3.53    14.09

SNOWFALL (IN)
  YESTERDAY        0.0           T    1933   0.0    0.0      0.0
  MONTH TO DATE    0.0                       0.0    0.0      0.0
  SINCE MAR 1      0.1                       0.3   -0.2       T
  SINCE JUL 1      7.4                       2.1    5.3      0.5
  SNOW DEPTH       0

DEGREE DAYS
 HEATING
  YESTERDAY        6                         3      3        0
  MONTH TO DATE   63                       131    -68      138
  SINCE MAR 1    396                       486    -90      598
  SINCE JUL 1   3114                      2917    197     3428

 COOLING
  YESTERDAY        0                         3     -3        0
  MONTH TO DATE   68                        41     27       26
  SINCE MAR 1     71                        55     16       26
  SINCE JAN 1     71                        57     14       26
..................................................................


WIND (MPH)
  HIGHEST WIND SPEED    13   HIGHEST WIND DIRECTION    NE (40)
  HIGHEST GUST SPEED    18   HIGHEST GUST DIRECTION    SE (150)
  AVERAGE WIND SPEED     5.9


SKY COVER
  POSSIBLE SUNSHINE  MM
  AVERAGE SKY COVER 0.4


WEATHER CONDITIONS
 THE FOLLOWING WEATHER WAS RECORDED YESTERDAY.
  THUNDERSTORM
  HEAVY RAIN
  RAIN
  LIGHT RAIN
  FOG


RELATIVE HUMIDITY (PERCENT)
 HIGHEST    87          1100 PM
 LOWEST     34          1000 AM
 AVERAGE    61

..........................................................


THE TUPELO CLIMATE NORMALS FOR TODAY
                         NORMAL    RECORD    YEAR
 MAXIMUM TEMPERATURE (F)   77        88      1958
 MINIMUM TEMPERATURE (F)   53        32      1983


SUNRISE AND SUNSET
APRIL 25 2015.........SUNRISE   612 AM CDT   SUNSET   734 PM CDT
APRIL 26 2015.........SUNRISE   611 AM CDT   SUNSET   735 PM CDT


-  INDICATES NEGATIVE NUMBERS.
R  INDICATES RECORD WAS SET OR TIED.
MM INDICATES DATA IS MISSING.
T  INDICATES TRACE AMOUNT.




$$
