000
CDUS42 KTAE 250633
CLIVLD


CLIMATE REPORT
NATIONAL WEATHER SERVICE TALLAHASSEE FL
233 AM EDT SAT APR 25 2015


...................................

...THE VALDOSTA CLIMATE SUMMARY FOR APRIL 24 2015...

CLIMATE NORMAL PERIOD 1981 TO 2010
CLIMATE RECORD PERIOD 1948 TO 2015


WEATHER ITEM   OBSERVED TIME   NORMAL DEPARTURE LAST
                VALUE   (LST)  VALUE  FROM      YEAR
                                      NORMAL
......................................................
TEMPERATURE (F)
 YESTERDAY
  MAXIMUM         84    441 PM  81      3       90
  MINIMUM         61    444 AM  54      7       61
  AVERAGE         73            68      5       76

PRECIPITATION (IN)
  YESTERDAY        0.00          0.07  -0.07     0.00
  MONTH TO DATE    3.51          2.48   1.03     8.21
  SINCE MAR 1      6.01          7.35  -1.34    12.37
  SINCE JAN 1     15.17         16.08  -0.91    18.51

DEGREE DAYS
 HEATING
  YESTERDAY        0             1     -1        0
  MONTH TO DATE    0            62    -62       28
  SINCE MAR 1     96           248   -152      187
  SINCE JUL 1   1580          1628    -48     1238

 COOLING
  YESTERDAY        8             4      4       11
  MONTH TO DATE  174            65    109      108
  SINCE MAR 1    266            98    168      141
  SINCE JAN 1    270           108    162      173
......................................................


WIND (MPH)
  HIGHEST WIND SPEED    13   HIGHEST WIND DIRECTION    NE (30)
  HIGHEST GUST SPEED    17   HIGHEST GUST DIRECTION     N (20)
  AVERAGE WIND SPEED     4.3




RELATIVE HUMIDITY (PERCENT)
 HIGHEST    93
 LOWEST     32
 AVERAGE    63

..........................................................




SUNRISE AND SUNSET
APRIL 25 2015.........SUNRISE   655 AM EDT   SUNSET   808 PM EDT
APRIL 26 2015.........SUNRISE   654 AM EDT   SUNSET   808 PM EDT


-  INDICATES NEGATIVE NUMBERS.
R  INDICATES RECORD WAS SET OR TIED.
MM INDICATES DATA IS MISSING.
T  INDICATES TRACE AMOUNT.




$$
