000
CDUS42 KFFC 210817
CLIVPC


CLIMATE REPORT
NATIONAL WEATHER SERVICE PEACHTREE CITY GA
417 AM EDT TUE APR 21 2015


...................................

...THE CARTERSVILLE CLIMATE SUMMARY FOR APRIL 20 2015...

CLIMATE NORMAL PERIOD 1981 TO 2010
CLIMATE RECORD PERIOD 9999 TO 9999


WEATHER ITEM   OBSERVED TIME   RECORD YEAR NORMAL DEPARTURE LAST
                VALUE   (LST)  VALUE       VALUE  FROM      YEAR
                                                  NORMAL
..................................................................
TEMPERATURE (F)
 YESTERDAY
  MAXIMUM         77    244 PM  MM      MM  74      3       76
  MINIMUM         54   1159 PM  MM      MM  47      7       44
  AVERAGE         66                        60      6       60

PRECIPITATION (IN)
  YESTERDAY        0.15         MM      MM   0.14   0.01     0.00
  MONTH TO DATE    4.62                      2.43   2.19     5.40
  SINCE MAR 1      7.38                      7.15   0.23    10.11
  SINCE JAN 1     15.97                     16.65  -0.68    15.83

SNOWFALL (IN)
  YESTERDAY       MM            MM      MM  MM     MM       MM
  MONTH TO DATE    0.0                      MM     MM        0.0
  SINCE MAR 1      0.0                      MM     MM        0.0
  SINCE JUL 1      T                        MM     MM        0.0
  SNOW DEPTH      MM

DEGREE DAYS
 HEATING
  YESTERDAY        0                         6     -6        5
  MONTH TO DATE   61                       154    -93      146
  SINCE MAR 1    385                       570   -185      616
  SINCE JUL 1   3236                      3182     54     3410

 COOLING
  YESTERDAY        1                         1      0        0
  MONTH TO DATE   40                         9     31        4
  SINCE MAR 1     40                        13     27        4
  SINCE JAN 1     40                        13     27        4
..................................................................


WIND (MPH)
  RESULTANT WIND SPEED   2   RESULTANT WIND DIRECTION   E (110)
  HIGHEST WIND SPEED    12   HIGHEST WIND DIRECTION    SW (230)
  HIGHEST GUST SPEED    18   HIGHEST GUST DIRECTION    SW (240)
  AVERAGE WIND SPEED     2.2


SKY COVER
  AVERAGE SKY COVER 0.4


WEATHER CONDITIONS
 THE FOLLOWING WEATHER WAS RECORDED YESTERDAY.
  THUNDERSTORM
  HEAVY RAIN
  LIGHT RAIN
  FOG


RELATIVE HUMIDITY (PERCENT)
 HIGHEST    97           300 AM
 LOWEST     43           300 PM
 AVERAGE    70

..........................................................


THE CARTERSVILLE CLIMATE NORMALS FOR TODAY
                         NORMAL    RECORD    YEAR
 MAXIMUM TEMPERATURE (F)   74        MM        MM
 MINIMUM TEMPERATURE (F)   47        MM        MM


SUNRISE AND SUNSET
APRIL 21 2015.........SUNRISE   701 AM EDT   SUNSET   815 PM EDT
APRIL 22 2015.........SUNRISE   700 AM EDT   SUNSET   816 PM EDT


-  INDICATES NEGATIVE NUMBERS.
R  INDICATES RECORD WAS SET OR TIED.
MM INDICATES DATA IS MISSING.
T  INDICATES TRACE AMOUNT.




$$
