000
CDUS43 KLOT 050638
CLIVPZ


CLIMATE REPORT
NATIONAL WEATHER SERVICE CHICAGO IL
137 AM CDT TUE MAY 5 2015


...................................

...THE VALPARAISO CLIMATE SUMMARY FOR MAY 4 2015...

CLIMATE NORMAL PERIOD 1981 TO 2010
CLIMATE RECORD PERIOD 1998 TO 2015


WEATHER ITEM   OBSERVED TIME   RECORD YEAR NORMAL DEPARTURE LAST
                VALUE   (LST)  VALUE       VALUE  FROM      YEAR
                                                  NORMAL
..................................................................
TEMPERATURE (F)
 YESTERDAY
  MAXIMUM         72    319 PM  81    2000  67      5       57
  MINIMUM         57   1135 PM  30    2005  44     13       37
  AVERAGE         65                        56      9       47

PRECIPITATION (IN)
  YESTERDAY        0.15          1.03 2003   0.14   0.01     0.00
  MONTH TO DATE    0.15                      0.56  -0.41     0.10
  SINCE MAR 1      2.92                      6.57  -3.65     3.09
  SINCE JAN 1      4.53                      9.74  -5.21     5.72

DEGREE DAYS
 HEATING
  YESTERDAY        0                        10    -10       18
  MONTH TO DATE   15                        41    -26       64
  SINCE MAR 1   1425                      1368     57     1582
  SINCE JUL 1   6683                      6100    583     7031

 COOLING
  YESTERDAY        0                         0      0        0
  MONTH TO DATE    2                         0      2        0
  SINCE MAR 1      2                         5     -3        0
  SINCE JAN 1      2                         5     -3        0
..................................................................


WIND (MPH)
  RESULTANT WIND SPEED   5   RESULTANT WIND DIRECTION  SW (210)
  HIGHEST WIND SPEED    22   HIGHEST WIND DIRECTION    SW (240)
  HIGHEST GUST SPEED    26   HIGHEST GUST DIRECTION    SW (230)
  AVERAGE WIND SPEED     8.3



WEATHER CONDITIONS
 THE FOLLOWING WEATHER WAS RECORDED YESTERDAY.
  RAIN
  LIGHT RAIN
  FOG


..........................................................


THE VALPARAISO CLIMATE NORMALS FOR TODAY
                         NORMAL    RECORD    YEAR
 MAXIMUM TEMPERATURE (F)   67        83      2000
 MINIMUM TEMPERATURE (F)   45        34      2011


SUNRISE AND SUNSET
MAY  5 2015...........SUNRISE   540 AM CDT   SUNSET   750 PM CDT
MAY  6 2015...........SUNRISE   539 AM CDT   SUNSET   751 PM CDT


-  INDICATES NEGATIVE NUMBERS.
R  INDICATES RECORD WAS SET OR TIED.
MM INDICATES DATA IS MISSING.
T  INDICATES TRACE AMOUNT.




$$
