000
CDUS42 KMLB 210626
CLIVRB


CLIMATE REPORT
NATIONAL WEATHER SERVICE MELBOURNE FL
225 AM EDT TUE APR 21 2015


...................................

...THE VERO BEACH CLIMATE SUMMARY FOR APRIL 20 2015...

CLIMATE NORMAL PERIOD 1981 TO 2010
CLIMATE RECORD PERIOD 1942 TO 2015


WEATHER ITEM   OBSERVED TIME   RECORD YEAR NORMAL DEPARTURE LAST
                VALUE   (LST)  VALUE       VALUE  FROM      YEAR
                                                  NORMAL
..................................................................
TEMPERATURE (F)
 YESTERDAY
  MAXIMUM         88   1223 PM  90    1968  81      7       72
  MINIMUM         70    846 PM  49    1999  62      8       58
  AVERAGE         79                        71      8       65

PRECIPITATION (IN)
  YESTERDAY        0.15          1.49 2012   0.09   0.06      T
  MONTH TO DATE    2.29                      1.87   0.42     1.99
  SINCE MAR 1      4.67                      5.99  -1.32     3.94
  SINCE JAN 1      8.30                     11.16  -2.86    10.49

SNOWFALL (IN)
  YESTERDAY        0.0
  MONTH TO DATE    0.0
  SINCE JUL 1      0.0

DEGREE DAYS
 HEATING
  YESTERDAY        0                         0      0        0
  MONTH TO DATE    0                        13    -13        5
  SINCE MAR 1     12                        68    -56       33
  SINCE JUL 1    384                       453    -69      268

 COOLING
  YESTERDAY       14                         7      7        0
  MONTH TO DATE  229                       115    114      137
  SINCE MAR 1    472                       244    228      257
  SINCE JAN 1    597                       383    214      465
..................................................................


WIND (MPH)
  HIGHEST WIND SPEED    20   HIGHEST WIND DIRECTION    SW (220)
  HIGHEST GUST SPEED    24   HIGHEST GUST DIRECTION    SW (210)
  AVERAGE WIND SPEED     7.3


SKY COVER
  AVERAGE SKY COVER 0.5


WEATHER CONDITIONS
 THE FOLLOWING WEATHER WAS RECORDED YESTERDAY.
  THUNDERSTORM
  HEAVY RAIN
  LIGHT RAIN
  FOG


RELATIVE HUMIDITY (PERCENT)
 HIGHEST    90          1000 PM
 LOWEST     59           100 PM
 AVERAGE    75

..........................................................


THE VERO BEACH CLIMATE NORMALS FOR TODAY
                         NORMAL    RECORD    YEAR
 MAXIMUM TEMPERATURE (F)   81        91      1970
                                             1968
 MINIMUM TEMPERATURE (F)   62        50      1956
                                             1953


SUNRISE AND SUNSET
APRIL 21 2015.........SUNRISE   651 AM EDT   SUNSET   750 PM EDT
APRIL 22 2015.........SUNRISE   650 AM EDT   SUNSET   750 PM EDT


-  INDICATES NEGATIVE NUMBERS.
R  INDICATES RECORD WAS SET OR TIED.
MM INDICATES DATA IS MISSING.
T  INDICATES TRACE AMOUNT.




$$
