000
CXUS55 KPUB 012057
CLMALS


CLIMATE REPORT
NATIONAL WEATHER SERVICE PUEBLO
256 PM MDT WED APR 1 2015

...................................

...THE ALAMOSA CO CLIMATE SUMMARY FOR THE MONTH OF MARCH 2015...

CLIMATE NORMAL PERIOD 1981 TO 2010
CLIMATE RECORD PERIOD 1932 TO 2015

WEATHER         OBSERVED          NORMAL  DEPART  LAST YEAR`S
                 VALUE   DATE(S)  VALUE   FROM    VALUE  DATE(S)
                                          NORMAL
................................................................
TEMPERATURE (F)
RECORD
 HIGH              76   03/31/2012
 LOW              -20   03/04/1964
HIGHEST            71   03/30        54      17       64  03/25
                        03/28
LOWEST              6   03/05        11      -5        9  03/20
AVG. MAXIMUM     56.4              50.1     6.3     53.8
AVG. MINIMUM     22.5              16.9     5.6     19.3
MEAN             39.4              33.5     5.9     36.5
DAYS MAX >= 90      0               0.0     0.0
DAYS MAX <= 32      0               0.7    -0.7
DAYS MIN <= 32     28              30.4    -2.4
DAYS MIN <= 0       0               0.9    -0.9

PRECIPITATION (INCHES)
RECORD
 MAXIMUM         1.62   1992
 MINIMUM            T   1999
                        1955
                        1907
TOTALS           0.40              0.53   -0.13     0.40
DAILY AVG.       0.01              0.02   -0.01
DAYS >= .01         4               5.4    -1.4
DAYS >= .10         2               1.7     0.3
DAYS >= .50         0               0.1    -0.1
DAYS >= 1.00        0               0.0     0.0
GREATEST
 24 HR. TOTAL    0.28   03/18 TO 03/19

SNOWFALL (INCHES)
RECORDS
 TOTAL           29.2   1973
TOTALS              T               5.0    -5.0      3.4
SINCE 7/1        23.1              23.1     0.0     31.5
SNOWDEPTH AVG.      0
DAYS >= 1.0         0               1.7    -1.7
GREATEST
 SNOW DEPTH         3   03/02                          2
                        03/01
 24 HR TOTAL        T   03/01 TO 03/01               2.0

DEGREE_DAYS
HEATING TOTAL     785               977    -192      875
 SINCE 7/1       6277              7306   -1029     7443
COOLING TOTAL       0                 0       0        0
 SINCE 1/1          0                 0       0        0
.................................................................

WIND (MPH)
AVERAGE WIND SPEED              6.8
HIGHEST WIND SPEED/DIRECTION    40/090    DATE  03/16
HIGHEST GUST SPEED/DIRECTION    50/100    DATE  03/16

SKY COVER
POSSIBLE SUNSHINE (PERCENT)   MM
AVERAGE SKY COVER           0.20
NUMBER OF DAYS FAIR           24
NUMBER OF DAYS PC              6
NUMBER OF DAYS CLOUDY          1

AVERAGE RH (PERCENT)     53

WEATHER CONDITIONS. NUMBER OF DAYS WITH
THUNDERSTORM              0     MIXED PRECIP               0
HEAVY RAIN                0     RAIN                       1
LIGHT RAIN                6     FREEZING RAIN              1
LT FREEZING RAIN          0     HAIL                       0
HEAVY SNOW                0     SNOW                       0
LIGHT SNOW                1     SLEET                      0
FOG                       6     FOG W/VIS <= 1/4 MILE      1
HAZE                      2

-  INDICATES NEGATIVE NUMBERS.
R  INDICATES RECORD WAS SET OR TIED.
MM INDICATES DATA IS MISSING.
T  INDICATES TRACE AMOUNT.

$$
