000
CXUS52 KMFL 011338 RRA
CLMAPF

CLIMATE REPORT
NATIONAL WEATHER SERVICE MIAMI, FL
932 AM EDT WED APR 1 2015

...................................

...THE NAPLES CLIMATE SUMMARY FOR THE MONTH OF MARCH 2015...

CLIMATE NORMAL PERIOD 1981 TO 2010
CLIMATE RECORD PERIOD 1942 TO 2015

WEATHER         OBSERVED          NORMAL  DEPART  LAST YEAR`S
                 VALUE   DATE(S)  VALUE   FROM    VALUE  DATE(S)
                                          NORMAL
................................................................
TEMPERATURE (F)
RECORD
 HIGH              91   03/31/2008
                        03/16/2002
                        03/28/1975
 LOW               33   03/04/1980
HIGHEST            90   03/12                         85  03/28
LOWEST             52   03/30                         50  03/14
AVG. MAXIMUM     83.2              79.9     3.3     78.6
AVG. MINIMUM     65.9              60.0     5.9     60.6
MEAN             74.5              70.0     4.5     69.6
DAYS MAX >= 90      1                                  0
DAYS MAX <= 32      0                                  0
DAYS MIN <= 32      0                                  0
DAYS MIN <= 0       0                                  0

PRECIPITATION (INCHES)
RECORD
 MAXIMUM        13.56   1970
 MINIMUM         0.00   1974
                        1945
TOTALS           1.45              2.38   -0.93     1.90
DAILY AVG.       0.05              0.08   -0.03     0.06
DAYS >= .01         3                                  5
DAYS >= .10         3                                  3
DAYS >= .50         1                                  2
DAYS >= 1.00        1                                  0
GREATEST
 24 HR. TOTAL    1.17   03/27 TO 03/27              0.89

DEGREE_DAYS
HEATING TOTAL       1                23     -22        7
 SINCE 7/1        198               256     -58      149
COOLING TOTAL     304               176     128      158
 SINCE 1/1        480               367     113      431
.................................................................

WIND (MPH)
AVERAGE WIND SPEED              8.0
HIGHEST WIND SPEED/DIRECTION    31/280    DATE  03/27
HIGHEST GUST SPEED/DIRECTION    42/280    DATE  03/27

SKY COVER
POSSIBLE SUNSHINE (PERCENT)   MM
AVERAGE SKY COVER           0.30
NUMBER OF DAYS FAIR           23
NUMBER OF DAYS PC              8
NUMBER OF DAYS CLOUDY          0

AVERAGE RH (PERCENT)     74

WEATHER CONDITIONS. NUMBER OF DAYS WITH
THUNDERSTORM              1     MIXED PRECIP               0
HEAVY RAIN                1     RAIN                       1
LIGHT RAIN                3     FREEZING RAIN              0
LT FREEZING RAIN          0     HAIL                       0
HEAVY SNOW                0     SNOW                       0
LIGHT SNOW                0     SLEET                      0
FOG                      15     FOG W/VIS <= 1/4 MILE      4
HAZE                     11

-  INDICATES NEGATIVE NUMBERS.
R  INDICATES RECORD WAS SET OR TIED.
MM INDICATES DATA IS MISSING.
T  INDICATES TRACE AMOUNT.

$$
