000
CXUS51 KCAR 011941
CLMBGR

CLIMATE REPORT
NATIONAL WEATHER SERVICE CARIBOU, ME
338 PM EDT WED APR 1 2015

...................................

...THE BANGOR ME CLIMATE SUMMARY FOR THE MONTH OF MARCH 2015...

CLIMATE NORMAL PERIOD 1981 TO 2010
CLIMATE RECORD PERIOD 1925 TO 2015

WEATHER         OBSERVED          NORMAL  DEPART  LAST YEAR`S
                 VALUE   DATE(S)  VALUE   FROM    VALUE  DATE(S)
                                          NORMAL
................................................................
TEMPERATURE (F)
RECORD
 HIGH              84   03/22/2012
 LOW              -16   03/02/2001
HIGHEST            51   03/11        MM      MM       51  03/29
LOWEST            -14   03/06        MM      MM       -7  03/04
                        03/01
AVG. MAXIMUM     35.5              40.0    -4.5     33.2
AVG. MINIMUM     13.1              20.5    -7.4     12.3
MEAN             24.3              30.2    -5.9     22.7
DAYS MAX >= 90      0               0.0     0.0        0
DAYS MAX <= 32     10               5.3     4.7       12
DAYS MIN <= 32     30              27.3     2.7       30
DAYS MIN <= 0       4               1.6     2.4        7

PRECIPITATION (INCHES)
RECORD
 MAXIMUM         7.36   1999
 MINIMUM         0.26   1965
TOTALS           1.45                     -1.93
DAILY AVG.       0.05              0.11   -0.06     0.12
DAYS >= .01        11              11.0     0.0       11
DAYS >= .10         5               6.8    -1.8        7
DAYS >= .50         0               2.2    -2.2        3
DAYS >= 1.00        0               0.7    -0.7        1
GREATEST
 24 HR. TOTAL    0.46   03/15 TO 03/15           03/30 TO 03/30
                                                          03/30 TO 03/30
                                                          03/30 TO 03/30

SNOWFALL (INCHES)
RECORDS
 TOTAL           41.5   1956
TOTALS           15.6              11.7     3.9     15.7
SINCE 7/1       132.7              62.4    70.3     78.9
SNOWDEPTH AVG.     MM                 5      MM        9
DAYS >= 1.0         6               3.3     2.7        3
GREATEST
 SNOW DEPTH        MM                                 17  03/14
 24 HR TOTAL      7.7   MM                       03/30 TO 03/30
                                                          03/30 TO 03/30
                                                          03/30 TO 03/30

DEGREE_DAYS
HEATING TOTAL    1252              1077     175     1304
 SINCE 7/1       7142              6723     419     7056
COOLING TOTAL       0                 0       0        0
 SINCE 1/1          0                 0       0        0
.................................................

WIND (MPH)
AVERAGE WIND SPEED              9.6
HIGHEST WIND SPEED/DIRECTION    44/330    DATE  03/17
HIGHEST GUST SPEED/DIRECTION    57/330    DATE  03/17

SKY COVER
POSSIBLE SUNSHINE (PERCENT)   MM
AVERAGE SKY COVER           0.60
NUMBER OF DAYS FAIR           10
NUMBER OF DAYS PC             10
NUMBER OF DAYS CLOUDY         11

AVERAGE RH (PERCENT)     62

WEATHER CONDITIONS. NUMBER OF DAYS WITH
THUNDERSTORM              0     MIXED PRECIP               0
HEAVY RAIN                0     RAIN                       0
LIGHT RAIN                4     FREEZING RAIN              0
LT FREEZING RAIN          2     HAIL                       0
HEAVY SNOW                1     SNOW                       5
LIGHT SNOW               14     SLEET                      3
FOG                      15     FOG W/VIS <= 1/4 MILE      1
HAZE                      8

-  INDICATES NEGATIVE NUMBERS.
R  INDICATES RECORD WAS SET OR TIED.
MM INDICATES DATA IS MISSING.
T  INDICATES TRACE AMOUNT.
---------------------------------------------------------------------
...NORTHERN AND EASTERN MAINE MONTHLY AREA CLIMATE NARRATIVE...

MARCH 2015 FEATURED WELL BELOW NORMAL TEMPERATURES AND BELOW NORMAL
LIQUID PRECIPITATION. TEMPERATURES RANGED FROM 4 TO 6 DEGREES BELOW
NORMAL. SNOWFALL WAS MORE VARIABLE ACROSS THE REGION WITH THE
LARGEST DEPARTURES FROM NORMAL ACROSS FAR EASTERN MAINE.

AT CARIBOU...THE AVERAGE TEMPERATURE OF 19.5 DEGREES WAS 5 DEGREES
BELOW THE 1981-2010 NORMALS. IT TIED WITH 1989 AS THE 11TH COLDEST
MARCH ON RECORD. THERE WERE A TOTAL OF 18 DAYS WHEN THE HIGH
TEMPERATURE DID NOT RISE ABOVE FREEZING...WHICH COMPARES TO AN
AVERAGE OF 12. ON THE MORNING OF THE 6TH THE LOW TEMPERATURE OF 20
BELOW TIED THE RECORD LOW FOR THE DATE WHICH WAS FIRST ESTABLISHED
IN 1948.

AT BANGOR...THE AVERAGE TEMPERATURE OF 24.3 DEGREES WAS 5.9 DEGREES
BELOW NORMAL. IT RANKED AS THE 4TH COLDEST MARCH BEHIND ONLY
2014...1967...AND 1939. THERE WERE A TOTAL OF 10 DAYS WHEN THE HIGH
TEMPERATURE FAILED TO RISE ABOVE FREEZING...WHICH COMPARES TO AN
AVERAGE OF 6. THREE RECORD LOWS WERE SET DURING THE MONTH. ON THE
MORNING OF THE 1ST...THE LOW OF 14 BELOW ESTABLISHED A NEW DAILY
TEMPERATURE RECORD. THE OLD RECORD OF 11 BELOW WAS ESTABLISHED IN
2001. ON THE 6TH...THE LOW OF 14 BELOW BROKE THE PREVIOUS RECORD OF
12 BELOW SET IN 1948. FINALLY...ON THE 24TH THE LOW OF 4 DEGREES
TIED THE PREVIOUS RECORD LOW WHICH WAS ESTABLISHED JUST LAST YEAR.

MARCH 2015 FEATURED BELOW NORMAL LIQUID PRECIPITATION ACROSS
NORTHERN AND EASTERN MAINE THAT AVERAGED BETWEEN 40 AND 75 PERCENT
OF NORMAL. SNOWFALL WAS MORE VARIABLE AND RANGED FROM ABOVE NORMAL
ACROSS EASTERN AROOSTOOK...WASHINGTON...AND PARTS OF WESTERN
PISCATAQUIS COUNTIES TO BELOW NORMAL ACROSS THE REMAINDER OF THE
REGION.

THE BIG STORY THIS PAST MARCH WAS THE COLD. THE PERSISTENCE OF THE
COLD WEATHER DURING THE MONTH WAS REMARKABLE. THERE WERE ONLY 5 DAYS
IN MOST AREAS WITH ABOVE AVERAGE TEMPERATURES DURING THE ENTIRE
MONTH.

THE MONTH BEGAN WITH A SNOWPACK OF ONLY AROUND A FOOT IN PARTS OF
THE SAINT JOHN VALLEY WITH 15 TO 25 INCHES ACROSS MUCH OF THE
REMAINDER OF FAR NORTHERN MAINE. DOWN EAST AMOUNTS RANGED FROM 30 TO
50 INCHES...WITH UNOFFICAL AMOUNTS AS MUCH AS HIGH AS 60 INCHES IN
PARTS OF COASTAL HANCOCK AND COASTAL WASHINGTON COUNTIES. BY THE END
OF THE MONTH...THE SNOWPACK WAS STILL AROUND A FOOT FROM CARIBOU
NORTH THROUGH THE ST JOHN VALLEY AND FROM 1 TO 2 FEET ACROSS MOST OF
CENTRAL AND DOWN EAST MAINE...WITH LOCALLY HIGHER AMOUNTS IN PARTS
OF WASHINGTON COUNTY.

THE OUTLOOK FROM THE CLIMATE PREDICATION CENTER
HTTP://WWW.CPC.NCEP.NOAA.GOV/ FOR APRIL INDICATES AN INCREASED
LIKELIHOOD OF BELOW NORMAL TEMPERATURES. THERE ARE SOME LONG RANGE
INDICATIONS THAT THE PERSISTENT COLD MAY BREAK AT SOME POINT DURING
THE 2ND HALF OF THE MONTH. THERE ARE NO STRONG CLIMATE SIGNALS THAT
WOULD POINT TOWARD A WET OR SNOWY MONTH OR AN UNUSUALLY DRY MONTH.
AVERAGE TEMPERATURES RISE RAPIDLY IN APRIL WITH THE INCREASING SUN
ANGLE AND DAY LENGTH. THE AVERAGE HIGH AT CARIBOU RISES FROM 40F ON
THE 1ST TO 56F ON THE 30TH. THE AVERAGE LOW TEMPERATURE RISES FROM
23F ON THE 1ST TO 36F BY MONTHS END. AT BANGOR...THE AVERAGE HIGH
CLIMBS FROM 46F AT THE START OF THE MONTH TO 59F ON THE 30TH. THE
AVERAGE LOW RISES FROM 27F AT THE START OF THE MONTH TO 37F BY
MONTHS END. DAYLIGHT INCREASES RAPIDLY WITH OVER AN HOUR AND A HALF
INCREASE IN AVAILABLE DAYLIGHT DURING THE MONTH OF APRIL.

$$

CB/VJN
