000
CXUS53 KEAX 021454
CLMDMO

CLIMATE REPORT
NATIONAL WEATHER SERVICE KANSAS CITY/PLEASANT HILL MO
947 AM CDT THU APR 2 2015

...................................

...THE SEDALIA CLIMATE SUMMARY FOR THE MONTH OF MARCH 2015...

CLIMATE NORMAL PERIOD 1981 TO 2010
CLIMATE RECORD PERIOD 9999 TO 9999

WEATHER         OBSERVED          NORMAL  DEPART  LAST YEAR`S
                 VALUE   DATE(S)  VALUE   FROM    VALUE  DATE(S)
                                          NORMAL
................................................................
TEMPERATURE (F)
HIGHEST            79   03/16        79       0       81  03/11
LOWEST             13   03/05        15      -2       -1  03/03
                        03/02
AVG. MAXIMUM     58.2              56.7     1.5     55.6
AVG. MINIMUM     36.6              35.8     0.8     29.0
MEAN             47.4              46.2     1.2     42.3
DAYS MAX >= 90      0               0.0     0.0        0
DAYS MAX <= 32      2               0.9     1.1        2
DAYS MIN <= 32      6              16.3   -10.3       17
DAYS MIN <= 0       0               0.0     0.0        1

PRECIPITATION (INCHES)
TOTALS           1.13              2.61   -1.48     0.93
DAILY AVG.       0.04              0.08   -0.04     0.03
DAYS >= .01        12               9.1     2.9        7
DAYS >= .10         3               5.8    -2.8        3
DAYS >= .50         0               1.8    -1.8        0
DAYS >= 1.00        0               0.3    -0.3        0
GREATEST
 24 HR. TOTAL    0.28   03/25 TO 03/25

DEGREE_DAYS
HEATING TOTAL     540               585     -45      694
 SINCE 7/1       4388              4202     186     4913
COOLING TOTAL       1                 3      -2        0
 SINCE 1/1          1                 3      -2        0
.................................................................

WIND (MPH)
AVERAGE WIND SPEED              9.0
HIGHEST WIND SPEED/DIRECTION    28/220    DATE  03/07
HIGHEST GUST SPEED/DIRECTION    34/030    DATE  03/17

SKY COVER
POSSIBLE SUNSHINE (PERCENT)   MM
AVERAGE SKY COVER           0.30
NUMBER OF DAYS FAIR           19
NUMBER OF DAYS PC              9
NUMBER OF DAYS CLOUDY          3

AVERAGE RH (PERCENT)     63

WEATHER CONDITIONS. NUMBER OF DAYS WITH
THUNDERSTORM              0     MIXED PRECIP               0
HEAVY RAIN                0     RAIN                       1
LIGHT RAIN               10     FREEZING RAIN              0
LT FREEZING RAIN          0     HAIL                       0
HEAVY SNOW                0     SNOW                       1
LIGHT SNOW                6     SLEET                      0
FOG                      13     FOG W/VIS <= 1/4 MILE      1
HAZE                      8

-  INDICATES NEGATIVE NUMBERS.
R  INDICATES RECORD WAS SET OR TIED.
MM INDICATES DATA IS MISSING.
T  INDICATES TRACE AMOUNT.

$$
