000
CXUS53 KUNR 011156
CLMICR


CLIMATE REPORT
NATIONAL WEATHER SERVICE RAPID CITY SD
553 AM MDT WED APR 1 2015

...................................

...THE WINNER REGIONAL AIRPORT SD CLIMATE SUMMARY FOR THE MONTH OF MARCH 2015...

CLIMATE NORMAL PERIOD 1981 TO 2010
CLIMATE RECORD PERIOD 9999 TO 9999

WEATHER         OBSERVED          NORMAL  DEPART  LAST YEAR`S
                 VALUE   DATE(S)  VALUE   FROM    VALUE  DATE(S)
                                          NORMAL
................................................................
TEMPERATURE (F)
HIGHEST            83   03/31                         76  03/09
                        03/15
LOWEST             -3   03/05                        -16  03/02
AVG. MAXIMUM     60.1              48.1    12.0     47.3
AVG. MINIMUM     29.4              25.4     4.0     21.1
MEAN             44.7              36.7     8.0     34.2
DAYS MAX >= 90      0                                  0
DAYS MAX <= 32      1                                  6
DAYS MIN <= 32     18                                 23
DAYS MIN <= 0       2                                  3

PRECIPITATION (INCHES)
TOTALS           0.11              1.38   -1.27     0.04
DAILY AVG.       0.00              0.04   -0.04     0.00
DAYS >= .01         2                                  2
DAYS >= .10         0                                  0
DAYS >= .50         0                                  0
DAYS >= 1.00        0                                  0
GREATEST
 24 HR. TOTAL    0.06   03/26 TO 03/26              0.03

DEGREE_DAYS
HEATING TOTAL     625               876    -251      950
 SINCE 7/1       5385              5885    -500     6283
COOLING TOTAL       6                 0       6        0
 SINCE 1/1          6                 0       6        0
.................................................................

WIND (MPH)
AVERAGE WIND SPEED              13.4
HIGHEST WIND SPEED/DIRECTION    47/330    DATE  03/29
HIGHEST GUST SPEED/DIRECTION    59/320    DATE  03/29

AVERAGE RH (PERCENT)     44

WEATHER CONDITIONS. NUMBER OF DAYS WITH
THUNDERSTORM              0     MIXED PRECIP               0
HEAVY RAIN                0     RAIN                       0
LIGHT RAIN                2     FREEZING RAIN              0
LT FREEZING RAIN          0     HAIL                       0
HEAVY SNOW                1     SNOW                       2
LIGHT SNOW                3     SLEET                      0
FOG                       3     FOG W/VIS <= 1/4 MILE      1
HAZE                      3

-  INDICATES NEGATIVE NUMBERS.
R  INDICATES RECORD WAS SET OR TIED.
MM INDICATES DATA IS MISSING.
T  INDICATES TRACE AMOUNT.

$$
