000
CXUS51 KOKX 011609
CLMLGA

CLIMATE REPORT
NATIONAL WEATHER SERVICE NEW YORK NY
1155 AM EDT WED APR 1 2015

...................................

...THE LAGUARDIA NY CLIMATE SUMMARY FOR THE MONTH OF MARCH 2015...

CLIMATE NORMAL PERIOD 1981 TO 2010
CLIMATE RECORD PERIOD 1945 TO 2015

WEATHER         OBSERVED          NORMAL  DEPART  LAST YEAR`S
                 VALUE   DATE(S)  VALUE   FROM    VALUE  DATE(S)
                                          NORMAL
................................................................
TEMPERATURE (F)
RECORD
 HIGH              86   03/29/1945
 LOW                7   03/04/1943
HIGHEST            60   03/11        MM      MM       65  03/11
LOWEST             15   03/06        MM      MM       13  03/04
AVG. MAXIMUM     45.2              49.8    -4.6     44.5
AVG. MINIMUM     30.5              34.6    -4.1     29.7
MEAN             37.9              42.2    -4.3     37.1
DAYS MAX >= 90      0               0.0     0.0        0
DAYS MAX <= 32      2               0.8     1.2        3
DAYS MIN <= 32     17              10.1     6.9       18
DAYS MIN <= 0       0               0.0     0.0        0

PRECIPITATION (INCHES)
RECORD
 MAXIMUM         9.55   2010
 MINIMUM         0.74   2006
TOTALS           4.54              3.97    0.57     3.66
DAILY AVG.       0.15              0.13    0.02     0.12
DAYS >= .01        15              10.7     4.3        7
DAYS >= .10        10               6.8     3.2        5
DAYS >= .50         3               2.6     0.4        2
DAYS >= 1.00        1               1.0     0.0        1
GREATEST
 24 HR. TOTAL    1.02   03/14 TO 03/14           03/29 TO 03/29
                                                          03/03 TO 03/03
                                                          03/03 TO 03/03
 STORM TOTAL       MM                                 MM
 (MM/DD(HH))            MM                    03/29(00) TO 03/29(00)
                                                 03/03(00) TO 03/03(00)3
                                                 03/03(00) TO 03/03(00)3

SNOWFALL (INCHES)
RECORDS
 TOTAL           18.9   1958
                        0
                        0
 24 HR TOTAL       MM
TOTALS           17.3               4.4    12.9      0.4
 LIQUID EQUIV    1.73              0.40    1.33     0.04
SINCE 7/1        53.8              26.4    27.4     52.1
 LIQUID 7/1      5.38              2.60             5.21
DAYS >= TRACE      10               2.1     7.9        6
DAYS >= 1.0         4               1.2     2.8        0
GREATEST
 SNOW DEPTH        11   03/06                          0  MM
 24 HR TOTAL      8.1   MM                       03/03 TO 03/03
                                                          03/03 TO 03/03
                                                          03/03 TO 03/03
 STORM TOTAL       MM                                 MM
 (MM/DD(HH))            MM                    03/03(00) TO 03/03(00)
                                                 03/03(00) TO 03/03(00)3
                                                 03/03(00) TO 03/03(00)3

DEGREE_DAYS
HEATING TOTAL     834               707     127      858
 SINCE 7/1       4556              4136     420     4515
COOLING TOTAL       0                 0       0        0
 SINCE 1/1          0                 0       0        0
....................................................

WIND (MPH)
AVERAGE WIND SPEED              10.7
HIGHEST WIND SPEED/DIRECTION    38/310    DATE  03/17
HIGHEST GUST SPEED/DIRECTION    51/310    DATE  03/17

SKY COVER
POSSIBLE SUNSHINE (PERCENT)   MM
AVERAGE SKY COVER           0.70
NUMBER OF DAYS FAIR            5
NUMBER OF DAYS PC             12
NUMBER OF DAYS CLOUDY         14

AVERAGE RH (PERCENT)     56

WEATHER CONDITIONS. NUMBER OF DAYS WITH
THUNDERSTORM              0     MIXED PRECIP               0
HEAVY RAIN                0     RAIN                       6
LIGHT RAIN               13     FREEZING RAIN              1
LT FREEZING RAIN          3     HAIL                       0
HEAVY SNOW                3     SNOW                       5
LIGHT SNOW               10     SLEET                      2
FOG                      14     FOG W/VIS <= 1/4 MILE      4
HAZE                      7

-  INDICATES NEGATIVE NUMBERS.
R  INDICATES RECORD WAS SET OR TIED.
MM INDICATES DATA IS MISSING.
T  INDICATES TRACE AMOUNT.

$$
