000
CXUS53 KIND 011507
CLMMIE


CLIMATE REPORT
NATIONAL WEATHER SERVICE INDIANAPOLIS IN
1107 AM EDT WED APR 1 2015

...................................

...THE MUNCIE IN CLIMATE SUMMARY FOR THE MONTH OF MARCH 2015...

CLIMATE NORMAL PERIOD 1981 TO 2010
CLIMATE RECORD PERIOD 9999 TO 9999

WEATHER         OBSERVED          NORMAL  DEPART  LAST YEAR`S
                 VALUE   DATE(S)  VALUE   FROM    VALUE  DATE(S)
                                          NORMAL
................................................................
TEMPERATURE (F)
HIGHEST            72   03/16                         67  03/31
                                                          03/21
LOWEST              2   03/06                          2  03/03
AVG. MAXIMUM     45.8              49.0    -3.2     44.6
AVG. MINIMUM     27.8              30.3    -2.5     23.5
MEAN             36.8              39.6    -2.8     34.1
DAYS MAX >= 90      0               0.0     0.0        0
DAYS MAX <= 32      4               2.6     1.4        6
DAYS MIN <= 32     20              17.8     2.2       23
DAYS MIN <= 0       0               0.1    -0.1        0

PRECIPITATION (INCHES)
TOTALS           3.02              2.95    0.07     1.53
DAILY AVG.       0.10              0.10    0.00     0.05
DAYS >= .01        11              11.5    -0.5        5
DAYS >= .10         8               7.3     0.7        3
DAYS >= .50         2               1.9     0.1        1
DAYS >= 1.00        0               0.3    -0.3        0
GREATEST
 24 HR. TOTAL    0.60   03/25 TO 03/25

DEGREE_DAYS
HEATING TOTAL     866               787      79      952
 SINCE 7/1       5731              5170     561     5862
COOLING TOTAL       0                 1      -1        0
 SINCE 1/1          0                 1      -1        0
.................................................................

WIND (MPH)
AVERAGE WIND SPEED              9.0
HIGHEST WIND SPEED/DIRECTION    28/320    DATE  03/31
HIGHEST GUST SPEED/DIRECTION    34/330    DATE  03/31

SKY COVER
POSSIBLE SUNSHINE (PERCENT)   MM
AVERAGE SKY COVER           0.40
NUMBER OF DAYS FAIR           17
NUMBER OF DAYS PC              5
NUMBER OF DAYS CLOUDY          9

AVERAGE RH (PERCENT)     70

WEATHER CONDITIONS. NUMBER OF DAYS WITH
THUNDERSTORM              1     MIXED PRECIP               0
HEAVY RAIN                1     RAIN                       3
LIGHT RAIN               10     FREEZING RAIN              1
LT FREEZING RAIN          1     HAIL                       0
HEAVY SNOW                0     SNOW                       1
LIGHT SNOW                5     SLEET                      0
FOG                      16     FOG W/VIS <= 1/4 MILE      6
HAZE                     11

-  INDICATES NEGATIVE NUMBERS.
R  INDICATES RECORD WAS SET OR TIED.
MM INDICATES DATA IS MISSING.
T  INDICATES TRACE AMOUNT.

$$
