000
CXUS51 KPHI 011133
CLMMPO


CLIMATE REPORT
NATIONAL WEATHER SERVICE MOUNT HOLLY NJ
732 AM EDT WED APR 1 2015

...................................

...THE POCONO_MNTS_MUNIL_AR CLIMATE SUMMARY FOR THE MONTH OF MARCH 2015...

CLIMATE NORMAL PERIOD 1981 TO 2010
CLIMATE RECORD PERIOD 1901 TO 2015

WEATHER         OBSERVED          NORMAL  DEPART  LAST YEAR`S
                 VALUE   DATE(S)  VALUE   FROM    VALUE  DATE(S)
                                          NORMAL
................................................................
TEMPERATURE (F)
RECORD
 HIGH              81   03/31/1998
                        03/30/1910
 LOW              -18   03/07/1911
HIGHEST            53                MM      MM       55
LOWEST             -2                MM      MM        1
AVG. MAXIMUM     36.7              42.2    -5.5     35.6
AVG. MINIMUM     20.1              24.9    -4.8     18.0
MEAN             28.4              33.5    -5.1     26.8
DAYS MAX >= 90      0               0.0     0.0        0
DAYS MAX <= 32     10               5.0     5.0       13
DAYS MIN <= 32     29              24.1     4.9       29
DAYS MIN <= 0       2               0.2     1.8        0

PRECIPITATION (INCHES)
RECORD
 MAXIMUM        10.55   1940
 MINIMUM         0.75   1981
TOTALS           2.09              3.83   -1.74     2.21
DAILY AVG.       0.07              0.12   -0.05     0.07
DAYS >= .01        15                MM      MM        9
DAYS >= .10         9                MM      MM        4
DAYS >= .50         0                MM      MM        1
DAYS >= 1.00        0                MM      MM        1
GREATEST
 24 HR. TOTAL    0.40   03/14 TO 03/14              1.17

SNOWFALL (INCHES)
RECORDS
 TOTAL             MM   5
 24 HR TOTAL       MM
TOTALS             MM                MM      MM       MM
SINCE 7/1          MM                MM      MM       MM
SNOWDEPTH AVG.     MM                MM      MM       MM
DAYS >= 1.0         0                MM      MM        0
GREATEST
 SNOW DEPTH        MM                                 MM  MM
 24 HR TOTAL       MM                                 MM

DEGREE_DAYS
HEATING TOTAL    1126               975     151     1176
 SINCE 7/1       6561              6098     463     6603
COOLING TOTAL       0                 0       0        0
 SINCE 1/1          0                 0       0        0
.................................................................

WIND (MPH)
AVERAGE WIND SPEED              11.3
HIGHEST WIND SPEED/DIRECTION    33/330    DATE  03/17
HIGHEST GUST SPEED/DIRECTION    50/320    DATE  03/17

SKY COVER
POSSIBLE SUNSHINE (PERCENT)   MM
AVERAGE SKY COVER           0.50
NUMBER OF DAYS FAIR           10
NUMBER OF DAYS PC             12
NUMBER OF DAYS CLOUDY          9

AVERAGE RH (PERCENT)     64

WEATHER CONDITIONS. NUMBER OF DAYS WITH
THUNDERSTORM              0     MIXED PRECIP               0
HEAVY RAIN                1     RAIN                       1
LIGHT RAIN               10     FREEZING RAIN              0
LT FREEZING RAIN          4     HEAVY SNOW                 2
SNOW                      5     LIGHT SNOW                16
SLEET                     0     FOG                       17
FOG W/VIS <= 1/4 MILE     6     HAZE                       5

-  INDICATES NEGATIVE NUMBERS.
R  INDICATES RECORD WAS SET OR TIED.
MM INDICATES DATA IS MISSING.
T  INDICATES TRACE AMOUNT.

$$
