000
CXUS56 KSGX 011615
CLMRNM


CLIMATE REPORT
NATIONAL WEATHER SERVICE SAN DIEGO, CA
915 AM PDT WED APR 1 2015

...................................

...THE RAMONA AIRPORT CA CLIMATE SUMMARY FOR THE MONTH OF MARCH 2015...

CLIMATE NORMAL PERIOD 1981 TO 2010
CLIMATE RECORD PERIOD 1974 TO 2015

WEATHER         OBSERVED          NORMAL  DEPART  LAST YEAR`S
                 VALUE   DATE(S)  VALUE   FROM    VALUE  DATE(S)
                                          NORMAL
................................................................
TEMPERATURE (F)
RECORD
 HIGH              94   03/26/1988
 LOW               24   03/15/1977
                        03/02/1977
                        03/01/1977
HIGHEST            91   03/27        68      23       87  03/16
LOWEST             30   03/06        41     -11       33  03/31
AVG. MAXIMUM     77.0              66.4    10.6     71.1
AVG. MINIMUM     40.5              39.4     1.1     42.7
MEAN             58.7              52.9     5.8     56.9
DAYS MAX >= 90      2               0.0     2.0        0
DAYS MAX <= 32      0               0.0     0.0        0
DAYS MAX >= 100     0                                  0
DAYS MAX >= 110     0                                  0
DAYS MIN <= 32      1               3.5    -2.5        0
DAYS MIN <= 0       0               0.0     0.0        0

PRECIPITATION (INCHES)
RECORD
 MAXIMUM        10.55   1991
 MINIMUM         0.00   1997
TOTALS           1.23              3.08   -1.85     0.98
DAILY AVG.       0.04              0.10   -0.06     0.03
DAYS >= .01         2                MM      MM        4
DAYS >= .10         2                MM      MM        2
DAYS >= .50         1                MM      MM        1
DAYS >= 1.00        0                MM      MM        0
DAYS >= 1.50        0                                  0
DAYS >= 2.00        0                                  0
GREATEST
 24 HR. TOTAL    0.87   03/01 TO 03/01           03/01 TO 03/01
                                                          03/31 TO 03/31
                                                          03/31 TO 03/31
 STORM TOTAL       MM                                 MM
 (MM/DD(HH))            MM                    03/01(00) TO 03/01(00)
                                                 03/31(00) TO 03/31(00)1
                                                 03/31(00) TO 03/31(00)1

SNOWFALL (INCHES)
TOTALS            0.0

DEGREE_DAYS
HEATING TOTAL     193               375    -182      246
 SINCE 7/1       1377              2116    -739     1667
COOLING TOTAL       7                 0       7        0
 SINCE 1/1          9                 1       8        0

FREEZE DATES
RECORD
 EARLIEST     10/10/1974
 LATEST       05/07/1975
EARLIEST                        11/24
LATEST                          03/25
..................................................

WIND (MPH)
AVERAGE WIND SPEED              4.6
RESULTANT WIND SPEED/DIRECTION   1/318
HIGHEST WIND SPEED/DIRECTION    25/270    DATE  03/02
HIGHEST GUST SPEED/DIRECTION    30/050    DATE  03/06

SKY COVER
POSSIBLE SUNSHINE (PERCENT)   MM
AVERAGE SKY COVER           0.10
NUMBER OF DAYS FAIR           27
NUMBER OF DAYS PC              3
NUMBER OF DAYS CLOUDY          1

AVERAGE RH (PERCENT)     57

WEATHER CONDITIONS. NUMBER OF DAYS WITH
THUNDERSTORM              0     MIXED PRECIP               0
HEAVY RAIN                0     RAIN                       2
LIGHT RAIN                2     FREEZING RAIN              0
LT FREEZING RAIN          0     HAIL                       0
HEAVY SNOW                0     SNOW                       0
LIGHT SNOW                0     SLEET                      0
FOG                      15     FOG W/VIS <= 1/4 MILE      6
HAZE                      1

-  INDICATES NEGATIVE NUMBERS.
R  INDICATES RECORD WAS SET OR TIED.
MM INDICATES DATA IS MISSING.
T  INDICATES TRACE AMOUNT.

$$
